Last updated on 2024-04-19 08:54:54 CEST.
Flavor | Version | Tinstall | Tcheck | Ttotal | Status | Flags |
---|---|---|---|---|---|---|
r-devel-linux-x86_64-debian-clang | 0.2.4 | 4.57 | 46.03 | 50.60 | OK | |
r-devel-linux-x86_64-debian-gcc | 0.2.4 | OK | ||||
r-devel-linux-x86_64-fedora-clang | 0.2.4 | 64.51 | NOTE | |||
r-devel-linux-x86_64-fedora-gcc | 0.2.4 | 76.66 | NOTE | |||
r-prerel-macos-arm64 | 0.2.4 | 26.00 | OK | |||
r-prerel-windows-x86_64 | 0.2.4 | 5.00 | 55.00 | 60.00 | OK | |
r-patched-linux-x86_64 | 0.2.4 | 4.38 | 44.89 | 49.27 | OK | |
r-release-linux-x86_64 | 0.2.4 | 4.09 | 42.29 | 46.38 | OK | |
r-release-macos-arm64 | 0.2.4 | 32.00 | OK | |||
r-release-macos-x86_64 | 0.2.4 | 45.00 | OK | |||
r-release-windows-x86_64 | 0.2.4 | 6.00 | 58.00 | 64.00 | OK | |
r-oldrel-macos-arm64 | 0.2.4 | 23.00 | NOTE | |||
r-oldrel-windows-x86_64 | 0.2.4 | 7.00 | 63.00 | 70.00 | OK |
Version: 0.2.4
Check: data for non-ASCII characters
Result: NOTE
Note: found 4250 marked UTF-8 strings
Flavors: r-devel-linux-x86_64-fedora-clang, r-devel-linux-x86_64-fedora-gcc, r-oldrel-macos-arm64