Last updated on 2023-06-09 10:04:24 CEST.
Flavor | Version | Tinstall | Tcheck | Ttotal | Status | Flags |
---|---|---|---|---|---|---|
r-devel-linux-x86_64-debian-clang | 1.3-6 | 12.97 | 149.53 | 162.50 | NOTE | |
r-devel-linux-x86_64-debian-gcc | 1.3-6 | 9.03 | 112.76 | 121.79 | NOTE | |
r-devel-linux-x86_64-fedora-clang | 1.3-6 | 203.64 | NOTE | |||
r-devel-linux-x86_64-fedora-gcc | 1.3-6 | 202.12 | NOTE | |||
r-devel-windows-x86_64 | 1.3-6 | 13.00 | 190.00 | 203.00 | NOTE | |
r-patched-linux-x86_64 | 1.3-6 | 10.25 | 140.19 | 150.44 | NOTE | |
r-release-linux-x86_64 | 1.3-6 | 8.90 | 141.90 | 150.80 | NOTE | |
r-release-macos-arm64 | 1.3-6 | 85.00 | NOTE | |||
r-release-macos-x86_64 | 1.3-6 | 126.00 | NOTE | |||
r-release-windows-x86_64 | 1.3-6 | 18.00 | 217.00 | 235.00 | NOTE | |
r-oldrel-macos-arm64 | 1.3-6 | 66.00 | OK | |||
r-oldrel-macos-x86_64 | 1.3-6 | 124.00 | OK | |||
r-oldrel-windows-x86_64 | 1.3-6 | 18.00 | 208.00 | 226.00 | OK |
Version: 1.3-6
Check: Rd files
Result: NOTE
checkRd: (-1) mapBubbles.Rd:62: Escaped LaTeX specials: \$
Flavors: r-devel-linux-x86_64-debian-clang, r-devel-linux-x86_64-debian-gcc, r-devel-linux-x86_64-fedora-clang, r-devel-linux-x86_64-fedora-gcc, r-devel-windows-x86_64, r-patched-linux-x86_64, r-release-linux-x86_64, r-release-macos-arm64, r-release-macos-x86_64, r-release-windows-x86_64