Last updated on 2024-03-28 23:55:19 CET.
Flavor | Version | Tinstall | Tcheck | Ttotal | Status | Flags |
---|---|---|---|---|---|---|
r-devel-linux-x86_64-debian-clang | 1.3-8 | 33.43 | 409.86 | 443.29 | OK | |
r-devel-linux-x86_64-debian-gcc | 1.3-8 | 28.36 | 291.35 | 319.71 | OK | |
r-devel-linux-x86_64-fedora-clang | 1.3-8 | 528.92 | NOTE | |||
r-devel-linux-x86_64-fedora-gcc | 1.3-8 | 544.43 | OK | |||
r-devel-windows-x86_64 | 1.3-8 | 28.00 | 281.00 | 309.00 | NOTE | |
r-patched-linux-x86_64 | 1.3-8 | 35.25 | 387.26 | 422.51 | OK | |
r-release-linux-x86_64 | 1.3-8 | 32.85 | 394.33 | 427.18 | OK | |
r-release-macos-arm64 | 1.3-8 | 151.00 | NOTE | |||
r-release-macos-x86_64 | 1.3-8 | 414.00 | NOTE | |||
r-release-windows-x86_64 | 1.3-8 | 36.00 | 360.00 | 396.00 | NOTE | |
r-oldrel-macos-arm64 | 1.3-8 | 122.00 | NOTE | |||
r-oldrel-windows-x86_64 | 1.3-8 | 37.00 | 340.00 | 377.00 | NOTE |
Version: 1.3-8
Check: installed package size
Result: NOTE
installed size is 6.3Mb
sub-directories of 1Mb or more:
data 2.1Mb
doc 3.9Mb
Flavors: r-devel-linux-x86_64-fedora-clang, r-devel-windows-x86_64, r-release-macos-arm64, r-release-macos-x86_64, r-release-windows-x86_64, r-oldrel-macos-arm64, r-oldrel-windows-x86_64