CRAN Package Check Results for Package rwunderground

Last updated on 2021-10-22 04:55:02 CEST.

Flavor Version Tinstall Tcheck Ttotal Status Flags
r-devel-linux-x86_64-debian-clang 0.1.8 4.17 30.11 34.28 NOTE
r-devel-linux-x86_64-debian-gcc 0.1.8 2.75 23.11 25.86 NOTE
r-devel-linux-x86_64-fedora-clang 0.1.8 51.84 NOTE
r-devel-linux-x86_64-fedora-gcc 0.1.8 40.27 NOTE
r-devel-windows-x86_64 0.1.8 7.00 41.00 48.00 NOTE
r-devel-windows-x86_64-gcc10-UCRT 0.1.8 NOTE
r-patched-linux-x86_64 0.1.8 4.11 28.95 33.06 NOTE
r-patched-solaris-x86 0.1.8 56.80 NOTE
r-release-linux-x86_64 0.1.8 3.94 28.36 32.30 NOTE
r-release-macos-arm64 0.1.8 NOTE
r-release-macos-x86_64 0.1.8 NOTE
r-release-windows-ix86+x86_64 0.1.8 7.00 50.00 57.00 NOTE
r-oldrel-macos-x86_64 0.1.8 OK
r-oldrel-windows-ix86+x86_64 0.1.8 7.00 49.00 56.00 OK

Check Details

Version: 0.1.8
Check: LazyData
Result: NOTE
     'LazyData' is specified without a 'data' directory
Flavors: r-devel-linux-x86_64-debian-clang, r-devel-linux-x86_64-debian-gcc, r-devel-linux-x86_64-fedora-clang, r-devel-linux-x86_64-fedora-gcc, r-devel-windows-x86_64, r-devel-windows-x86_64-gcc10-UCRT, r-patched-linux-x86_64, r-patched-solaris-x86, r-release-linux-x86_64, r-release-macos-arm64, r-release-macos-x86_64, r-release-windows-ix86+x86_64