Last updated on 2023-06-07 17:55:49 CEST.
Flavor | Version | Tinstall | Tcheck | Ttotal | Status | Flags |
---|---|---|---|---|---|---|
r-devel-linux-x86_64-debian-clang | 2.0.11 | 99.01 | 39.46 | 138.47 | OK | |
r-devel-linux-x86_64-debian-gcc | 2.0.11 | 80.06 | 30.12 | 110.18 | OK | |
r-devel-linux-x86_64-fedora-clang | 2.0.11 | 196.60 | OK | |||
r-devel-linux-x86_64-fedora-gcc | 2.0.11 | 205.49 | OK | |||
r-devel-windows-x86_64 | 2.0.11 | 86.00 | 83.00 | 169.00 | OK | |
r-patched-linux-x86_64 | 2.0.11 | 90.03 | 38.11 | 128.14 | OK | |
r-release-linux-x86_64 | 2.0.11 | 76.37 | 37.01 | 113.38 | OK | |
r-release-macos-arm64 | 2.0.11 | 54.00 | NOTE | |||
r-release-macos-x86_64 | 2.0.11 | 89.00 | NOTE | |||
r-release-windows-x86_64 | 2.0.11 | 105.00 | 92.00 | 197.00 | OK | |
r-oldrel-macos-arm64 | 2.0.11 | 55.00 | NOTE | |||
r-oldrel-macos-x86_64 | 2.0.11 | 69.00 | NOTE | |||
r-oldrel-windows-x86_64 | 2.0.11 | 92.00 | 85.00 | 177.00 | OK |
Version: 2.0.11
Check: installed package size
Result: NOTE
installed size is 6.8Mb
sub-directories of 1Mb or more:
libs 6.6Mb
Flavors: r-release-macos-arm64, r-release-macos-x86_64, r-oldrel-macos-arm64, r-oldrel-macos-x86_64