Last updated on 2024-03-28 23:55:19 CET.
Flavor | Version | Tinstall | Tcheck | Ttotal | Status | Flags |
---|---|---|---|---|---|---|
r-devel-linux-x86_64-debian-clang | 3.6.2 | 12.09 | 81.32 | 93.41 | OK | |
r-devel-linux-x86_64-debian-gcc | 3.6.2 | 8.61 | 62.44 | 71.05 | OK | |
r-devel-linux-x86_64-fedora-clang | 3.6.2 | 116.79 | NOTE | |||
r-devel-linux-x86_64-fedora-gcc | 3.6.2 | 126.71 | OK | |||
r-devel-windows-x86_64 | 3.6.2 | 10.00 | 84.00 | 94.00 | OK | |
r-patched-linux-x86_64 | 3.6.2 | 6.61 | 80.55 | 87.16 | OK | |
r-release-linux-x86_64 | 3.6.2 | 6.42 | 77.05 | 83.47 | OK | |
r-release-macos-arm64 | 3.6.2 | 67.00 | OK | |||
r-release-macos-x86_64 | 3.6.2 | 82.00 | OK | |||
r-release-windows-x86_64 | 3.6.2 | 12.00 | 98.00 | 110.00 | OK | |
r-oldrel-macos-arm64 | 3.6.2 | 54.00 | OK | |||
r-oldrel-windows-x86_64 | 3.6.2 | 14.00 | 97.00 | 111.00 | OK |
Version: 3.6.2
Check: Rd cross-references
Result: NOTE
Undeclared package ‘rym’ in Rd xrefs
Flavor: r-devel-linux-x86_64-fedora-clang