Last updated on 2024-03-28 23:55:19 CET.
Flavor | Version | Tinstall | Tcheck | Ttotal | Status | Flags |
---|---|---|---|---|---|---|
r-devel-linux-x86_64-debian-clang | 2.10.3 | 25.08 | 172.10 | 197.18 | NOTE | |
r-devel-linux-x86_64-debian-gcc | 2.10.3 | 22.00 | 121.03 | 143.03 | NOTE | |
r-devel-linux-x86_64-fedora-clang | 2.10.3 | 257.61 | NOTE | |||
r-devel-linux-x86_64-fedora-gcc | 2.10.3 | 255.99 | NOTE | |||
r-devel-windows-x86_64 | 2.10.3 | 23.00 | 138.00 | 161.00 | NOTE | |
r-patched-linux-x86_64 | 2.10.3 | 26.57 | 165.49 | 192.06 | NOTE | |
r-release-linux-x86_64 | 2.10.3 | 24.64 | 177.36 | 202.00 | OK | |
r-release-macos-arm64 | 2.10.3 | 63.00 | OK | |||
r-release-macos-x86_64 | 2.10.3 | 117.00 | OK | |||
r-release-windows-x86_64 | 2.10.3 | 28.00 | 177.00 | 205.00 | OK | |
r-oldrel-macos-arm64 | 2.10.3 | 65.00 | OK | |||
r-oldrel-windows-x86_64 | 2.10.3 | 33.00 | 163.00 | 196.00 | OK |
Version: 2.10.3
Check: Rd files
Result: NOTE
checkRd: (-1) BrierScore.Rd:18: Lost braces; missing escapes or markup?
18 | {[0,0.1), [0.1, 0.2), ... [0.9, 1]}.}
| ^
checkRd: (-1) BrierScore.Rd:26: Lost braces in \itemize; \value handles \item{}{} directly
checkRd: (-1) BrierScore.Rd:27: Lost braces in \itemize; \value handles \item{}{} directly
checkRd: (-1) BrierScore.Rd:28: Lost braces in \itemize; \value handles \item{}{} directly
checkRd: (-1) BrierScore.Rd:29: Lost braces in \itemize; \value handles \item{}{} directly
checkRd: (-1) BrierScore.Rd:30: Lost braces in \itemize; \value handles \item{}{} directly
checkRd: (-1) BrierScore.Rd:31: Lost braces in \itemize; \value handles \item{}{} directly
checkRd: (-1) BrierScore.Rd:32: Lost braces in \itemize; \value handles \item{}{} directly
checkRd: (-1) BrierScore.Rd:33: Lost braces in \itemize; \value handles \item{}{} directly
checkRd: (-1) BrierScore.Rd:34: Lost braces in \itemize; \value handles \item{}{} directly
checkRd: (-1) BrierScore.Rd:35: Lost braces in \itemize; \value handles \item{}{} directly
checkRd: (-1) BrierScore.Rd:36: Lost braces in \itemize; \value handles \item{}{} directly
checkRd: (-1) BrierScore.Rd:37: Lost braces in \itemize; \value handles \item{}{} directly
checkRd: (-1) BrierScore.Rd:38: Lost braces in \itemize; \value handles \item{}{} directly
checkRd: (-1) BrierScore.Rd:39: Lost braces in \itemize; \value handles \item{}{} directly
checkRd: (-1) BrierScore.Rd:40: Lost braces in \itemize; \value handles \item{}{} directly
checkRd: (-1) BrierScore.Rd:41: Lost braces in \itemize; \value handles \item{}{} directly
checkRd: (-1) BrierScore.Rd:42: Lost braces in \itemize; \value handles \item{}{} directly
checkRd: (-1) BrierScore.Rd:43: Lost braces in \itemize; \value handles \item{}{} directly
checkRd: (-1) BrierScore.Rd:44: Lost braces in \itemize; \value handles \item{}{} directly
checkRd: (-1) Corr.Rd:67: Lost braces in \itemize; \value handles \item{}{} directly
checkRd: (-1) Corr.Rd:68-69: Lost braces in \itemize; \value handles \item{}{} directly
checkRd: (-1) Corr.Rd:70-71: Lost braces in \itemize; \value handles \item{}{} directly
checkRd: (-1) Corr.Rd:72-73: Lost braces in \itemize; \value handles \item{}{} directly
checkRd: (-1) LoadDataFile.Rd:82-84: Lost braces in \itemize; \value handles \item{}{} directly
checkRd: (-1) LoadDataFile.Rd:85-87: Lost braces in \itemize; \value handles \item{}{} directly
checkRd: (-1) LoadDataFile.Rd:88-90: Lost braces in \itemize; \value handles \item{}{} directly
checkRd: (-1) LoadDataFile.Rd:91-93: Lost braces in \itemize; \value handles \item{}{} directly
checkRd: (-1) LoadDataFile.Rd:94-96: Lost braces in \itemize; \value handles \item{}{} directly
checkRd: (-1) RMSSS.Rd:39-41: Lost braces in \itemize; \value handles \item{}{} directly
checkRd: (-1) RMSSS.Rd:42-45: Lost braces in \itemize; \value handles \item{}{} directly
checkRd: (-1) RatioRMS.Rd:40: Lost braces in \itemize; \value handles \item{}{} directly
checkRd: (-1) RatioRMS.Rd:41: Lost braces in \itemize; \value handles \item{}{} directly
checkRd: (-1) RatioSDRMS.Rd:35-37: Lost braces in \itemize; \value handles \item{}{} directly
checkRd: (-1) RatioSDRMS.Rd:38-41: Lost braces in \itemize; \value handles \item{}{} directly
checkRd: (-1) StatSeasAtlHurr.Rd:42: Lost braces; missing escapes or markup?
42 | (PDI; in 10^11 m^3 s^{-2}).\cr
| ^
Flavors: r-devel-linux-x86_64-debian-clang, r-devel-linux-x86_64-debian-gcc, r-devel-linux-x86_64-fedora-clang, r-devel-linux-x86_64-fedora-gcc, r-devel-windows-x86_64, r-patched-linux-x86_64
Version: 2.10.3
Check: Rd \usage sections
Result: NOTE
Documented arguments not in \usage in Rd file 'LoadDataFile.Rd':
‘remapcells’
Functions with \usage entries need to have the appropriate \alias
entries, and all their arguments documented.
The \usage entries must correspond to syntactically valid R code.
See chapter ‘Writing R documentation files’ in the ‘Writing R
Extensions’ manual.
Flavors: r-devel-linux-x86_64-debian-clang, r-devel-linux-x86_64-debian-gcc, r-devel-linux-x86_64-fedora-clang, r-devel-linux-x86_64-fedora-gcc, r-devel-windows-x86_64, r-patched-linux-x86_64