Last updated on 2023-12-10 00:55:59 CET.
Flavor | Version | Tinstall | Tcheck | Ttotal | Status | Flags |
---|---|---|---|---|---|---|
r-devel-linux-x86_64-debian-clang | 1.0.4 | 44.34 | 46.91 | 91.25 | NOTE | |
r-devel-linux-x86_64-debian-gcc | 1.0.4 | 27.98 | 35.94 | 63.92 | NOTE | |
r-devel-linux-x86_64-fedora-clang | 1.0.4 | 122.60 | NOTE | |||
r-devel-linux-x86_64-fedora-gcc | 1.0.4 | 129.32 | NOTE | |||
r-devel-windows-x86_64 | 1.0.4 | 32.00 | 82.00 | 114.00 | NOTE | |
r-patched-linux-x86_64 | 1.0.4 | 36.74 | 46.14 | 82.88 | NOTE | |
r-release-linux-x86_64 | 1.0.4 | 33.14 | 45.06 | 78.20 | NOTE | |
r-release-macos-arm64 | 1.0.4 | 44.00 | NOTE | |||
r-release-macos-x86_64 | 1.0.4 | 68.00 | NOTE | |||
r-release-windows-x86_64 | 1.0.4 | 42.00 | 91.00 | 133.00 | NOTE | |
r-oldrel-macos-arm64 | 1.0.4 | 35.00 | OK | |||
r-oldrel-macos-x86_64 | 1.0.4 | 47.00 | OK | |||
r-oldrel-windows-x86_64 | 1.0.4 | 40.00 | 90.00 | 130.00 | OK |
Version: 1.0.4
Check: C++ specification
Result: NOTE
Specified C++11: please drop specification unless essential
Flavors: r-devel-linux-x86_64-debian-clang, r-devel-linux-x86_64-debian-gcc, r-devel-linux-x86_64-fedora-clang, r-devel-linux-x86_64-fedora-gcc, r-devel-windows-x86_64, r-patched-linux-x86_64, r-release-linux-x86_64, r-release-macos-arm64, r-release-macos-x86_64, r-release-windows-x86_64
Version: 1.0.4
Check: Rd files
Result: NOTE
checkRd: (-1) s2Data.Rd:33: Lost braces
33 | \code{TRUE}{ (default) The data is converted to a matrix. Factor variables are automatically coded using \code{\link{model.matrix}}. The data is scaled, and constant columns are removed.}
| ^
checkRd: (-1) s2Data.Rd:35: Lost braces
35 | \code{FALSE}{ Do nothing. Keep in mind that the theoretical framework assumes that \code{xL} is centered. Unless you are absolutely sure, avoid this.}
| ^
Flavors: r-devel-linux-x86_64-debian-clang, r-devel-linux-x86_64-debian-gcc
Version: 1.0.4
Check: Rd contents
Result: NOTE
Argument items with no description in Rd file 'predict.s2netR.Rd':
‘...’
Argument items with no description in Rd file 'print_misc.Rd':
‘\dots’
Flavors: r-devel-linux-x86_64-debian-clang, r-devel-linux-x86_64-debian-gcc, r-devel-linux-x86_64-fedora-clang, r-devel-linux-x86_64-fedora-gcc, r-devel-windows-x86_64