Last updated on 2024-03-28 23:55:19 CET.
Flavor | Version | Tinstall | Tcheck | Ttotal | Status | Flags |
---|---|---|---|---|---|---|
r-devel-linux-x86_64-debian-clang | 0.3.0 | 7.42 | 589.48 | 596.90 | NOTE | |
r-devel-linux-x86_64-debian-gcc | 0.3.0 | 5.55 | 385.06 | 390.61 | NOTE | |
r-devel-linux-x86_64-fedora-clang | 0.3.0 | 681.75 | NOTE | |||
r-devel-linux-x86_64-fedora-gcc | 0.3.0 | 724.83 | NOTE | |||
r-devel-windows-x86_64 | 0.3.0 | 8.00 | 337.00 | 345.00 | NOTE | |
r-patched-linux-x86_64 | 0.3.0 | 4.12 | 569.32 | 573.44 | NOTE | |
r-release-linux-x86_64 | 0.3.0 | 4.26 | 607.26 | 611.52 | NOTE | |
r-release-macos-arm64 | 0.3.0 | 183.00 | NOTE | |||
r-release-macos-x86_64 | 0.3.0 | 316.00 | NOTE | |||
r-release-windows-x86_64 | 0.3.0 | 9.00 | 469.00 | 478.00 | NOTE | |
r-oldrel-macos-arm64 | 0.3.0 | 147.00 | NOTE | |||
r-oldrel-windows-x86_64 | 0.3.0 | 11.00 | 474.00 | 485.00 | NOTE |
Version: 0.3.0
Check: LazyData
Result: NOTE
'LazyData' is specified without a 'data' directory
Flavors: r-devel-linux-x86_64-debian-clang, r-devel-linux-x86_64-debian-gcc, r-devel-linux-x86_64-fedora-clang, r-devel-linux-x86_64-fedora-gcc, r-devel-windows-x86_64, r-patched-linux-x86_64, r-release-linux-x86_64, r-release-macos-arm64, r-release-macos-x86_64, r-release-windows-x86_64, r-oldrel-macos-arm64, r-oldrel-windows-x86_64