Last updated on 2024-03-28 23:55:19 CET.
Flavor | Version | Tinstall | Tcheck | Ttotal | Status | Flags |
---|---|---|---|---|---|---|
r-devel-linux-x86_64-debian-clang | 0.2.2 | 6.99 | 61.00 | 67.99 | OK | |
r-devel-linux-x86_64-debian-gcc | 0.2.2 | 7.01 | 45.30 | 52.31 | OK | |
r-devel-linux-x86_64-fedora-clang | 0.2.2 | 86.20 | NOTE | |||
r-devel-linux-x86_64-fedora-gcc | 0.2.2 | 100.15 | NOTE | |||
r-devel-windows-x86_64 | 0.2.2 | 9.00 | 64.00 | 73.00 | OK | |
r-patched-linux-x86_64 | 0.2.2 | 8.05 | 59.53 | 67.58 | OK | |
r-release-linux-x86_64 | 0.2.2 | 7.97 | 58.23 | 66.20 | OK | |
r-release-macos-arm64 | 0.2.2 | 32.00 | OK | |||
r-release-macos-x86_64 | 0.2.2 | 70.00 | OK | |||
r-release-windows-x86_64 | 0.2.2 | 10.00 | 70.00 | 80.00 | OK | |
r-oldrel-macos-arm64 | 0.2.2 | 30.00 | OK | |||
r-oldrel-windows-x86_64 | 0.2.2 | 11.00 | 70.00 | 81.00 | OK |
Version: 0.2.2
Check: dependencies in R code
Result: NOTE
Namespaces in Imports field not imported from:
‘CARBayesdata’ ‘MASS’ ‘nimble’
All declared Imports should be used.
Flavors: r-devel-linux-x86_64-fedora-clang, r-devel-linux-x86_64-fedora-gcc