Last updated on 2023-06-10 16:53:46 CEST.
Flavor | Version | Tinstall | Tcheck | Ttotal | Status | Flags |
---|---|---|---|---|---|---|
r-devel-linux-x86_64-debian-clang | 0.1.1 | 5.05 | 71.76 | 76.81 | OK | |
r-devel-linux-x86_64-debian-gcc | 0.1.1 | 3.30 | 55.42 | 58.72 | OK | |
r-devel-linux-x86_64-fedora-clang | 0.1.1 | 94.91 | OK | |||
r-devel-linux-x86_64-fedora-gcc | 0.1.1 | 102.78 | OK | |||
r-devel-windows-x86_64 | 0.1.1 | 6.00 | 68.00 | 74.00 | OK | |
r-patched-linux-x86_64 | 0.1.1 | 3.71 | 69.60 | 73.31 | OK | |
r-release-linux-x86_64 | 0.1.1 | 4.14 | 68.09 | 72.23 | OK | |
r-release-macos-arm64 | 0.1.1 | 42.00 | OK | |||
r-release-macos-x86_64 | 0.1.1 | 55.00 | NOTE | |||
r-release-windows-x86_64 | 0.1.1 | 6.00 | 79.00 | 85.00 | OK | |
r-oldrel-macos-arm64 | 0.1.1 | 27.00 | OK | |||
r-oldrel-macos-x86_64 | 0.1.1 | 43.00 | NOTE | |||
r-oldrel-windows-x86_64 | 0.1.1 | 6.00 | 84.00 | 90.00 | OK |
Version: 0.1.1
Check: package dependencies
Result: NOTE
Package suggested but not available for checking: ‘saeHB’
Flavors: r-release-macos-x86_64, r-oldrel-macos-x86_64