Last updated on 2024-04-24 16:54:44 CEST.
Flavor | Version | Tinstall | Tcheck | Ttotal | Status | Flags |
---|---|---|---|---|---|---|
r-devel-linux-x86_64-debian-clang | 1.2 | 68.40 | 74.12 | 142.52 | NOTE | |
r-devel-linux-x86_64-debian-gcc | 1.2 | 48.77 | 54.26 | 103.03 | NOTE | |
r-devel-linux-x86_64-fedora-clang | 1.2 | 170.29 | NOTE | |||
r-devel-linux-x86_64-fedora-gcc | 1.2 | 179.04 | NOTE | |||
r-devel-windows-x86_64 | 1.2 | 43.00 | 90.00 | 133.00 | NOTE | |
r-patched-linux-x86_64 | 1.2 | 63.94 | 69.93 | 133.87 | NOTE | |
r-release-linux-x86_64 | 1.2 | 54.83 | 71.75 | 126.58 | NOTE | |
r-release-macos-arm64 | 1.2 | 55.00 | NOTE | |||
r-release-windows-x86_64 | 1.2 | 44.00 | 89.00 | 133.00 | NOTE | |
r-oldrel-macos-arm64 | 1.2 | 50.00 | NOTE | |||
r-oldrel-macos-x86_64 | 1.2 | 87.00 | NOTE | |||
r-oldrel-windows-x86_64 | 1.2 | 57.00 | 109.00 | 166.00 | NOTE |
Version: 1.2
Check: C++ specification
Result: NOTE
Specified C++11: please drop specification unless essential
Flavors: r-devel-linux-x86_64-debian-clang, r-devel-linux-x86_64-debian-gcc, r-devel-linux-x86_64-fedora-clang, r-devel-linux-x86_64-fedora-gcc, r-devel-windows-x86_64, r-patched-linux-x86_64, r-release-linux-x86_64, r-release-macos-arm64, r-release-windows-x86_64, r-oldrel-macos-x86_64, r-oldrel-windows-x86_64
Version: 1.2
Check: installed package size
Result: NOTE
installed size is 7.2Mb
sub-directories of 1Mb or more:
libs 6.9Mb
Flavors: r-release-macos-arm64, r-oldrel-macos-arm64, r-oldrel-macos-x86_64