Last updated on 2024-03-27 23:59:56 CET.
Flavor | Version | Tinstall | Tcheck | Ttotal | Status | Flags |
---|---|---|---|---|---|---|
r-devel-linux-x86_64-debian-clang | 1.0.2 | 24.21 | 189.00 | 213.21 | OK | |
r-devel-linux-x86_64-debian-gcc | 1.0.2 | 18.11 | 143.24 | 161.35 | OK | |
r-devel-linux-x86_64-fedora-clang | 1.0.2 | 269.28 | NOTE | |||
r-devel-linux-x86_64-fedora-gcc | 1.0.2 | 290.13 | NOTE | |||
r-devel-windows-x86_64 | 1.0.2 | 18.00 | 152.00 | 170.00 | OK | |
r-patched-linux-x86_64 | 1.0.2 | 23.10 | 181.45 | 204.55 | OK | |
r-release-linux-x86_64 | 1.0.2 | 14.54 | 186.92 | 201.46 | OK | |
r-release-macos-arm64 | 1.0.2 | 88.00 | OK | |||
r-release-macos-x86_64 | 1.0.2 | 150.00 | OK | |||
r-release-windows-x86_64 | 1.0.2 | 25.00 | 190.00 | 215.00 | OK | |
r-oldrel-macos-arm64 | 1.0.2 | 78.00 | OK | |||
r-oldrel-windows-x86_64 | 1.0.2 | 26.00 | 189.00 | 215.00 | OK |
Version: 1.0.2
Check: data for non-ASCII characters
Result: NOTE
Note: found 63 marked Latin-1 strings
Flavors: r-devel-linux-x86_64-fedora-clang, r-devel-linux-x86_64-fedora-gcc