CRAN Package Check Results for Package safedata

Last updated on 2021-10-23 00:49:08 CEST.

Flavor Version Tinstall Tcheck Ttotal Status Flags
r-devel-linux-x86_64-debian-clang 1.0.9 4.69 55.35 60.04 OK
r-devel-linux-x86_64-debian-gcc 1.0.9 3.25 40.42 43.67 OK
r-devel-linux-x86_64-fedora-clang 1.0.9 78.27 OK
r-devel-linux-x86_64-fedora-gcc 1.0.9 68.47 OK
r-devel-windows-x86_64 1.0.9 7.00 93.00 100.00 OK
r-devel-windows-x86_64-gcc10-UCRT 1.0.9 ERROR
r-patched-linux-x86_64 1.0.9 4.32 51.89 56.21 OK
r-patched-solaris-x86 1.0.9 96.00 OK
r-release-linux-x86_64 1.0.9 3.82 51.69 55.51 OK
r-release-macos-arm64 1.0.9 OK
r-release-macos-x86_64 1.0.9 OK
r-release-windows-ix86+x86_64 1.0.9 5.00 76.00 81.00 OK
r-oldrel-macos-x86_64 1.0.9 OK
r-oldrel-windows-ix86+x86_64 1.0.9 9.00 84.00 93.00 OK

Check Details

Version: 1.0.9
Check: package dependencies
Result: ERROR
    Package required but not available: 'igraph'
    
    See section 'The DESCRIPTION file' in the 'Writing R Extensions'
    manual.
Flavor: r-devel-windows-x86_64-gcc10-UCRT