CRAN Package Check Results for Package safer

Last updated on 2024-02-29 00:55:53 CET.

Flavor Version Tinstall Tcheck Ttotal Status Flags
r-devel-linux-x86_64-debian-clang 0.2.1 2.66 22.87 25.53 NOTE
r-devel-linux-x86_64-debian-gcc 0.2.1 1.69 18.16 19.85 NOTE
r-devel-linux-x86_64-fedora-clang 0.2.1 31.81 NOTE
r-devel-linux-x86_64-fedora-gcc 0.2.1 30.27 NOTE
r-devel-windows-x86_64 0.2.1 4.00 41.00 45.00 NOTE
r-patched-linux-x86_64 0.2.1 2.77 22.75 25.52 NOTE
r-release-linux-x86_64 0.2.1 2.51 22.46 24.97 NOTE
r-release-macos-arm64 0.2.1 16.00 NOTE
r-release-macos-x86_64 0.2.1 20.00 NOTE
r-release-windows-x86_64 0.2.1 4.00 42.00 46.00 NOTE
r-oldrel-macos-arm64 0.2.1 18.00 NOTE
r-oldrel-windows-x86_64 0.2.1 4.00 45.00 49.00 NOTE

Check Details

Version: 0.2.1
Check: package subdirectories
Result: NOTE Problems with news in ‘NEWS.md’: No news entries found. Flavors: r-devel-linux-x86_64-debian-clang, r-devel-linux-x86_64-debian-gcc, r-devel-linux-x86_64-fedora-clang, r-devel-linux-x86_64-fedora-gcc, r-devel-windows-x86_64, r-patched-linux-x86_64, r-release-linux-x86_64, r-release-macos-arm64, r-release-macos-x86_64, r-release-windows-x86_64

Version: 0.2.1
Check: LazyData
Result: NOTE 'LazyData' is specified without a 'data' directory Flavors: r-devel-linux-x86_64-debian-clang, r-devel-linux-x86_64-debian-gcc, r-devel-linux-x86_64-fedora-clang, r-devel-linux-x86_64-fedora-gcc, r-devel-windows-x86_64, r-patched-linux-x86_64, r-release-linux-x86_64, r-release-macos-arm64, r-release-macos-x86_64, r-release-windows-x86_64, r-oldrel-macos-arm64, r-oldrel-windows-x86_64