Last updated on 2024-03-28 23:55:19 CET.
Flavor | Version | Tinstall | Tcheck | Ttotal | Status | Flags |
---|---|---|---|---|---|---|
r-devel-linux-x86_64-debian-clang | 0.6.1 | 7.85 | 78.58 | 86.43 | OK | |
r-devel-linux-x86_64-debian-gcc | 0.6.1 | 4.99 | 61.28 | 66.27 | OK | |
r-devel-linux-x86_64-fedora-clang | 0.6.1 | 114.50 | NOTE | |||
r-devel-linux-x86_64-fedora-gcc | 0.6.1 | 119.35 | NOTE | |||
r-devel-windows-x86_64 | 0.6.1 | 8.00 | 84.00 | 92.00 | OK | |
r-patched-linux-x86_64 | 0.6.1 | 8.01 | 77.68 | 85.69 | OK | |
r-release-linux-x86_64 | 0.6.1 | 6.00 | 74.79 | 80.79 | OK | |
r-release-macos-arm64 | 0.6.1 | 43.00 | OK | |||
r-release-macos-x86_64 | 0.6.1 | 64.00 | OK | |||
r-release-windows-x86_64 | 0.6.1 | 10.00 | 97.00 | 107.00 | OK | |
r-oldrel-macos-arm64 | 0.6.1 | 31.00 | OK | |||
r-oldrel-windows-x86_64 | 0.6.1 | 10.00 | 95.00 | 105.00 | OK |
Version: 0.6.1
Check: data for non-ASCII characters
Result: NOTE
Note: found 120 marked UTF-8 strings
Flavors: r-devel-linux-x86_64-fedora-clang, r-devel-linux-x86_64-fedora-gcc