CRAN Package Check Results for Package sampleSelection

Last updated on 2023-06-05 09:54:12 CEST.

Flavor Version Tinstall Tcheck Ttotal Status Flags
r-devel-linux-x86_64-debian-clang 1.2-12 17.49 392.45 409.94 OK
r-devel-linux-x86_64-debian-gcc 1.2-12 13.35 291.49 304.84 OK
r-devel-linux-x86_64-fedora-clang 1.2-12 503.79 OK
r-devel-linux-x86_64-fedora-gcc 1.2-12 493.61 OK
r-devel-windows-x86_64 1.2-12 14.00 326.00 340.00 OK
r-patched-linux-x86_64 1.2-12 15.29 369.65 384.94 OK
r-release-linux-x86_64 1.2-12 13.59 377.26 390.85 OK
r-release-macos-arm64 1.2-12 182.00 NOTE
r-release-macos-x86_64 1.2-12 316.00 NOTE
r-release-windows-x86_64 1.2-12 19.00 398.00 417.00 OK
r-oldrel-macos-arm64 1.2-12 148.00 OK
r-oldrel-macos-x86_64 1.2-12 265.00 OK
r-oldrel-windows-x86_64 1.2-12 19.00 409.00 428.00 OK

Check Details

Version: 1.2-12
Check: re-building of vignette outputs
Result: NOTE
    Error(s) in re-building vignettes:
    --- re-building ‘intReg.Rnw’ using Sweave
    Loading required package: miscTools
    
    Please cite the 'maxLik' package as:
    Henningsen, Arne and Toomet, Ott (2011). maxLik: A package for maximum likelihood estimation in R. Computational Statistics 26(3), 443-458. DOI 10.1007/s00180-010-0217-1.
    
    If you have questions, suggestions, or comments regarding the 'maxLik' package, please use a forum or 'tracker' at maxLik's R-Forge site:
    https://r-forge.r-project.org/projects/maxlik/
    Loading required package: zoo
    
    Attaching package: ‘zoo’
    
    The following objects are masked from ‘package:base’:
    
     as.Date, as.Date.numeric
    
    --- finished re-building ‘intReg.Rnw’
    
    --- re-building ‘selection.Rnw’ using Sweave
    Loading required package: maxLik
    Loading required package: miscTools
    
    Please cite the 'maxLik' package as:
    Henningsen, Arne and Toomet, Ott (2011). maxLik: A package for maximum likelihood estimation in R. Computational Statistics 26(3), 443-458. DOI 10.1007/s00180-010-0217-1.
    
    If you have questions, suggestions, or comments regarding the 'maxLik' package, please use a forum or 'tracker' at maxLik's R-Forge site:
    https://r-forge.r-project.org/projects/maxlik/
    Warning in sqrt(diag(vc)) : NaNs produced
    Warning in sqrt(diag(vc)) : NaNs produced
    Warning in sqrt(diag(vcov(object, part = "full"))) : NaNs produced
    Warning in sqrt(diag(vc)) : NaNs produced
    Warning in sqrt(diag(vc)) : NaNs produced
    Warning in sqrt(diag(vcov(object, part = "full"))) : NaNs produced
    --- finished re-building ‘selection.Rnw’
    
    --- re-building ‘treatReg.Rnw’ using Sweave
    Loading required package: maxLik
    Loading required package: miscTools
    
    Please cite the 'maxLik' package as:
    Henningsen, Arne and Toomet, Ott (2011). maxLik: A package for maximum likelihood estimation in R. Computational Statistics 26(3), 443-458. DOI 10.1007/s00180-010-0217-1.
    
    If you have questions, suggestions, or comments regarding the 'maxLik' package, please use a forum or 'tracker' at maxLik's R-Forge site:
    https://r-forge.r-project.org/projects/maxlik/
    Error: processing vignette 'treatReg.Rnw' failed with diagnostics:
    Running 'texi2dvi' on 'treatReg.tex' failed.
    LaTeX errors:
    !pdfTeX error: pdflatex (file bbm10): Font bbm10 at 600 not found
     ==> Fatal error occurred, no output PDF file produced!
    --- failed re-building ‘treatReg.Rnw’
    
    SUMMARY: processing the following file failed:
     ‘treatReg.Rnw’
    
    Error: Vignette re-building failed.
    Execution halted
Flavor: r-release-macos-arm64

Version: 1.2-12
Check: re-building of vignette outputs
Result: NOTE
    Error(s) in re-building vignettes:
    --- re-building ‘intReg.Rnw’ using Sweave
    Loading required package: miscTools
    
    Please cite the 'maxLik' package as:
    Henningsen, Arne and Toomet, Ott (2011). maxLik: A package for maximum likelihood estimation in R. Computational Statistics 26(3), 443-458. DOI 10.1007/s00180-010-0217-1.
    
    If you have questions, suggestions, or comments regarding the 'maxLik' package, please use a forum or 'tracker' at maxLik's R-Forge site:
    https://r-forge.r-project.org/projects/maxlik/
    Loading required package: zoo
    
    Attaching package: ‘zoo’
    
    The following objects are masked from ‘package:base’:
    
     as.Date, as.Date.numeric
    
    --- finished re-building ‘intReg.Rnw’
    
    --- re-building ‘selection.Rnw’ using Sweave
    Loading required package: maxLik
    Loading required package: miscTools
    
    Please cite the 'maxLik' package as:
    Henningsen, Arne and Toomet, Ott (2011). maxLik: A package for maximum likelihood estimation in R. Computational Statistics 26(3), 443-458. DOI 10.1007/s00180-010-0217-1.
    
    If you have questions, suggestions, or comments regarding the 'maxLik' package, please use a forum or 'tracker' at maxLik's R-Forge site:
    https://r-forge.r-project.org/projects/maxlik/
    Warning in sqrt(diag(vc)) : NaNs produced
    Warning in sqrt(diag(vc)) : NaNs produced
    Warning in sqrt(diag(vcov(object, part = "full"))) : NaNs produced
    Warning in sqrt(diag(vc)) : NaNs produced
    Warning in sqrt(diag(vc)) : NaNs produced
    Warning in sqrt(diag(vcov(object, part = "full"))) : NaNs produced
    --- finished re-building ‘selection.Rnw’
    
    --- re-building ‘treatReg.Rnw’ using Sweave
    Loading required package: maxLik
    Loading required package: miscTools
    
    Please cite the 'maxLik' package as:
    Henningsen, Arne and Toomet, Ott (2011). maxLik: A package for maximum likelihood estimation in R. Computational Statistics 26(3), 443-458. DOI 10.1007/s00180-010-0217-1.
    
    If you have questions, suggestions, or comments regarding the 'maxLik' package, please use a forum or 'tracker' at maxLik's R-Forge site:
    https://r-forge.r-project.org/projects/maxlik/
    Error: processing vignette 'treatReg.Rnw' failed with diagnostics:
    Running 'texi2dvi' on 'treatReg.tex' failed.
    LaTeX errors:
    ! LaTeX Error: File `icomma.sty' not found.
    
    Type X to quit or <RETURN> to proceed,
    or enter new name. (Default extension: sty)
    
    ! Emergency stop.
    <read *>
    
    l.19 \usepackage
     {natbib}^^M
    ! ==> Fatal error occurred, no output PDF file produced!
    --- failed re-building ‘treatReg.Rnw’
    
    SUMMARY: processing the following file failed:
     ‘treatReg.Rnw’
    
    Error: Vignette re-building failed.
    Execution halted
Flavor: r-release-macos-x86_64