CRAN Package Check Results for Package sand

Last updated on 2022-01-26 16:50:22 CET.

Flavor Version Tinstall Tcheck Ttotal Status Flags
r-devel-linux-x86_64-debian-clang 2.0.0 3.08 41.15 44.23 OK
r-devel-linux-x86_64-debian-gcc 2.0.0 2.01 32.77 34.78 OK
r-devel-linux-x86_64-fedora-clang 2.0.0 54.61 NOTE
r-devel-linux-x86_64-fedora-gcc 2.0.0 43.29 NOTE
r-devel-windows-x86_64-new-UL 2.0.0 42.00 60.00 102.00 OK
r-devel-windows-x86_64-new-TK 2.0.0 NOTE
r-patched-linux-x86_64 2.0.0 2.59 40.98 43.57 OK
r-release-linux-x86_64 2.0.0 2.82 40.48 43.30 OK
r-release-macos-arm64 2.0.0 NOTE
r-release-macos-x86_64 2.0.0 NOTE
r-release-windows-ix86+x86_64 2.0.0 6.00 50.00 56.00 OK
r-oldrel-macos-x86_64 2.0.0 NOTE
r-oldrel-windows-ix86+x86_64 2.0.0 7.00 52.00 59.00 OK

Check Details

Version: 2.0.0
Check: data for non-ASCII characters
Result: NOTE
     Note: found 6 marked UTF-8 strings
Flavors: r-devel-linux-x86_64-fedora-clang, r-devel-linux-x86_64-fedora-gcc, r-devel-windows-x86_64-new-TK, r-release-macos-arm64, r-release-macos-x86_64, r-oldrel-macos-x86_64

Version: 2.0.0
Check: package dependencies
Result: NOTE
    Package suggested but not available for checking: 'car'
Flavor: r-devel-windows-x86_64-new-TK

Version: 2.0.0
Check: package dependencies
Result: NOTE
    Packages suggested but not available for checking:
     'GO.db', 'GOstats', 'org.Sc.sgd.db'
Flavor: r-release-macos-arm64

Version: 2.0.0
Check: package dependencies
Result: NOTE
    Packages suggested but not available for checking: 'GO.db', 'org.Sc.sgd.db'
Flavor: r-release-macos-x86_64

Version: 2.0.0
Check: package dependencies
Result: NOTE
    Package suggested but not available for checking: ‘org.Sc.sgd.db’
Flavor: r-oldrel-macos-x86_64