Last updated on 2024-03-28 15:50:00 CET.
Flavor | Version | Tinstall | Tcheck | Ttotal | Status | Flags |
---|---|---|---|---|---|---|
r-devel-linux-x86_64-debian-clang | 0.1.4 | 10.31 | 234.71 | 245.02 | OK | |
r-devel-linux-x86_64-debian-gcc | 0.1.4 | 10.16 | 177.04 | 187.20 | OK | |
r-devel-linux-x86_64-fedora-clang | 0.1.4 | 334.56 | NOTE | |||
r-devel-linux-x86_64-fedora-gcc | 0.1.4 | 325.07 | NOTE | |||
r-devel-windows-x86_64 | 0.1.4 | 11.00 | 195.00 | 206.00 | OK | |
r-patched-linux-x86_64 | 0.1.4 | 17.49 | 232.00 | 249.49 | OK | |
r-release-linux-x86_64 | 0.1.4 | 7.30 | 226.25 | 233.55 | OK | |
r-release-macos-arm64 | 0.1.4 | 90.00 | OK | |||
r-release-macos-x86_64 | 0.1.4 | 160.00 | OK | |||
r-release-windows-x86_64 | 0.1.4 | 16.00 | 247.00 | 263.00 | OK | |
r-oldrel-macos-arm64 | 0.1.4 | 76.00 | OK | |||
r-oldrel-windows-x86_64 | 0.1.4 | 15.00 | 242.00 | 257.00 | OK |
Version: 0.1.4
Check: data for non-ASCII characters
Result: NOTE
Note: found 4 marked UTF-8 strings
Flavors: r-devel-linux-x86_64-fedora-clang, r-devel-linux-x86_64-fedora-gcc