CRAN Package Check Results for Package saqgetr

Last updated on 2021-10-23 00:49:08 CEST.

Flavor Version Tinstall Tcheck Ttotal Status Flags
r-devel-linux-x86_64-debian-clang 0.2.21 3.76 43.59 47.35 NOTE
r-devel-linux-x86_64-debian-gcc 0.2.21 3.39 33.56 36.95 NOTE
r-devel-linux-x86_64-fedora-clang 0.2.21 66.92 NOTE
r-devel-linux-x86_64-fedora-gcc 0.2.21 56.97 NOTE
r-devel-windows-x86_64 0.2.21 8.00 44.00 52.00 NOTE
r-devel-windows-x86_64-gcc10-UCRT 0.2.21 NOTE
r-patched-linux-x86_64 0.2.21 3.73 41.31 45.04 NOTE
r-patched-solaris-x86 0.2.21 89.80 NOTE
r-release-linux-x86_64 0.2.21 3.52 40.94 44.46 NOTE
r-release-macos-arm64 0.2.21 NOTE
r-release-macos-x86_64 0.2.21 NOTE
r-release-windows-ix86+x86_64 0.2.21 10.00 62.00 72.00 NOTE
r-oldrel-macos-x86_64 0.2.21 OK
r-oldrel-windows-ix86+x86_64 0.2.21 12.00 60.00 72.00 OK

Check Details

Version: 0.2.21
Check: LazyData
Result: NOTE
     'LazyData' is specified without a 'data' directory
Flavors: r-devel-linux-x86_64-debian-clang, r-devel-linux-x86_64-debian-gcc, r-devel-linux-x86_64-fedora-clang, r-devel-linux-x86_64-fedora-gcc, r-devel-windows-x86_64, r-devel-windows-x86_64-gcc10-UCRT, r-patched-linux-x86_64, r-patched-solaris-x86, r-release-linux-x86_64, r-release-macos-arm64, r-release-macos-x86_64, r-release-windows-ix86+x86_64