CRAN Package Check Results for Package sasMap

Last updated on 2023-06-02 18:52:56 CEST.

Flavor Version Tinstall Tcheck Ttotal Status Flags
r-devel-linux-x86_64-debian-clang 1.0.0 4.69 41.43 46.12 OK
r-devel-linux-x86_64-debian-gcc 1.0.0 4.05 31.59 35.64 OK
r-devel-linux-x86_64-fedora-clang 1.0.0 59.56 NOTE
r-devel-linux-x86_64-fedora-gcc 1.0.0 54.70 NOTE
r-devel-windows-x86_64 1.0.0 6.00 53.00 59.00 OK
r-patched-linux-x86_64 1.0.0 OK
r-release-linux-x86_64 1.0.0 2.83 39.14 41.97 OK
r-release-macos-arm64 1.0.0 21.00 OK
r-release-macos-x86_64 1.0.0 34.00 OK
r-release-windows-x86_64 1.0.0 7.00 58.00 65.00 OK
r-oldrel-macos-arm64 1.0.0 20.00 NOTE
r-oldrel-macos-x86_64 1.0.0 43.00 NOTE
r-oldrel-windows-x86_64 1.0.0 7.00 59.00 66.00 OK

Check Details

Version: 1.0.0
Check: dependencies in R code
Result: NOTE
    Namespace in Imports field not imported from: ‘stringi’
     All declared Imports should be used.
Flavors: r-devel-linux-x86_64-fedora-clang, r-devel-linux-x86_64-fedora-gcc, r-oldrel-macos-arm64, r-oldrel-macos-x86_64