CRAN Package Check Results for Package sasMap

Last updated on 2021-10-26 09:09:39 CEST.

Flavor Version Tinstall Tcheck Ttotal Status Flags
r-devel-linux-x86_64-debian-clang 1.0.0 3.68 34.29 37.97 OK
r-devel-linux-x86_64-debian-gcc 1.0.0 2.91 26.84 29.75 OK
r-devel-linux-x86_64-fedora-clang 1.0.0 56.54 NOTE
r-devel-linux-x86_64-fedora-gcc 1.0.0 45.06 NOTE
r-devel-windows-x86_64 1.0.0 6.00 35.00 41.00 OK
r-devel-windows-x86_64-gcc10-UCRT 1.0.0 NOTE
r-patched-linux-x86_64 1.0.0 3.37 32.51 35.88 OK
r-patched-solaris-x86 1.0.0 72.00 NOTE
r-release-linux-x86_64 1.0.0 3.29 32.27 35.56 OK
r-release-macos-arm64 1.0.0 NOTE
r-release-macos-x86_64 1.0.0 NOTE
r-release-windows-ix86+x86_64 1.0.0 7.00 54.00 61.00 OK
r-oldrel-macos-x86_64 1.0.0 NOTE
r-oldrel-windows-ix86+x86_64 1.0.0 9.00 55.00 64.00 OK

Check Details

Version: 1.0.0
Check: dependencies in R code
Result: NOTE
    Namespace in Imports field not imported from: ‘stringi’
     All declared Imports should be used.
Flavors: r-devel-linux-x86_64-fedora-clang, r-devel-linux-x86_64-fedora-gcc, r-devel-windows-x86_64-gcc10-UCRT, r-patched-solaris-x86, r-release-macos-arm64, r-release-macos-x86_64, r-oldrel-macos-x86_64