Last updated on 2024-04-19 16:58:57 CEST.
Flavor | Version | Tinstall | Tcheck | Ttotal | Status | Flags |
---|---|---|---|---|---|---|
r-devel-linux-x86_64-debian-clang | 1.0.0 | 48.62 | 202.74 | 251.36 | NOTE | |
r-devel-linux-x86_64-debian-gcc | 1.0.0 | NOTE | ||||
r-devel-linux-x86_64-fedora-clang | 1.0.0 | 305.59 | NOTE | |||
r-devel-linux-x86_64-fedora-gcc | 1.0.0 | 295.70 | NOTE | |||
r-prerel-macos-arm64 | 1.0.0 | 66.00 | NOTE | |||
r-prerel-windows-x86_64 | 1.0.0 | 38.00 | 150.00 | 188.00 | OK | |
r-patched-linux-x86_64 | 1.0.0 | 36.43 | 191.35 | 227.78 | NOTE | |
r-release-linux-x86_64 | 1.0.0 | 40.96 | 192.61 | 233.57 | NOTE | |
r-release-macos-arm64 | 1.0.0 | 82.00 | NOTE | |||
r-release-macos-x86_64 | 1.0.0 | 141.00 | NOTE | |||
r-release-windows-x86_64 | 1.0.0 | 49.00 | 207.00 | 256.00 | OK | |
r-oldrel-macos-arm64 | 1.0.0 | 75.00 | OK | |||
r-oldrel-windows-x86_64 | 1.0.0 | 48.00 | 202.00 | 250.00 | OK |
Version: 1.0.0
Check: C++ specification
Result: NOTE
Specified C++11: please drop specification unless essential
Flavors: r-devel-linux-x86_64-debian-clang, r-devel-linux-x86_64-debian-gcc, r-devel-linux-x86_64-fedora-clang, r-devel-linux-x86_64-fedora-gcc, r-prerel-macos-arm64, r-patched-linux-x86_64, r-release-linux-x86_64, r-release-macos-arm64, r-release-macos-x86_64