Last updated on 2023-06-05 16:55:06 CEST.
Flavor | Version | Tinstall | Tcheck | Ttotal | Status | Flags |
---|---|---|---|---|---|---|
r-devel-linux-x86_64-debian-clang | 0.4.6 | 222.19 | 58.74 | 280.93 | NOTE | |
r-devel-linux-x86_64-debian-gcc | 0.4.6 | 180.43 | 44.54 | 224.97 | NOTE | |
r-devel-linux-x86_64-fedora-clang | 0.4.6 | 556.22 | NOTE | |||
r-devel-linux-x86_64-fedora-gcc | 0.4.6 | 449.53 | NOTE | |||
r-devel-windows-x86_64 | 0.4.6 | 205.00 | 115.00 | 320.00 | NOTE | |
r-patched-linux-x86_64 | 0.4.6 | 194.56 | 58.39 | 252.95 | NOTE | |
r-release-linux-x86_64 | 0.4.6 | 168.59 | 58.91 | 227.50 | NOTE | |
r-release-macos-arm64 | 0.4.6 | 129.00 | NOTE | |||
r-release-macos-x86_64 | 0.4.5 | 222.00 | NOTE | |||
r-release-windows-x86_64 | 0.4.6 | 260.00 | 137.00 | 397.00 | NOTE | |
r-oldrel-macos-arm64 | 0.4.6 | 137.00 | NOTE | |||
r-oldrel-macos-x86_64 | 0.4.6 | 146.00 | NOTE | |||
r-oldrel-windows-x86_64 | 0.4.6 | 251.00 | 125.00 | 376.00 | NOTE |
Version: 0.4.6
Check: for GNU extensions in Makefiles
Result: NOTE
GNU make is a SystemRequirements.
Flavors: r-devel-linux-x86_64-debian-clang, r-devel-linux-x86_64-debian-gcc, r-devel-linux-x86_64-fedora-clang, r-devel-linux-x86_64-fedora-gcc, r-devel-windows-x86_64, r-patched-linux-x86_64, r-release-linux-x86_64, r-release-macos-arm64, r-release-windows-x86_64, r-oldrel-macos-arm64, r-oldrel-macos-x86_64, r-oldrel-windows-x86_64
Version: 0.4.6
Check: installed package size
Result: NOTE
installed size is 5.3Mb
sub-directories of 1Mb or more:
doc 1.7Mb
libs 3.1Mb
Flavors: r-devel-linux-x86_64-fedora-clang, r-devel-windows-x86_64, r-release-macos-arm64, r-release-windows-x86_64, r-oldrel-macos-arm64, r-oldrel-macos-x86_64, r-oldrel-windows-x86_64
Version: 0.4.5
Check: installed package size
Result: NOTE
installed size is 5.2Mb
sub-directories of 1Mb or more:
doc 1.7Mb
libs 3.1Mb
Flavor: r-release-macos-x86_64
Version: 0.4.5
Check: for GNU extensions in Makefiles
Result: NOTE
GNU make is a SystemRequirements.
Flavor: r-release-macos-x86_64