Last updated on 2024-04-19 01:04:53 CEST.
Flavor | Version | Tinstall | Tcheck | Ttotal | Status | Flags |
---|---|---|---|---|---|---|
r-devel-linux-x86_64-debian-clang | 1.0.3 | 53.77 | 96.53 | 150.30 | OK | |
r-devel-linux-x86_64-debian-gcc | 1.0.3 | 43.80 | 73.96 | 117.76 | OK | |
r-devel-linux-x86_64-fedora-clang | 1.0.3 | 193.82 | OK | |||
r-devel-linux-x86_64-fedora-gcc | 1.0.3 | 197.33 | OK | |||
r-prerel-macos-arm64 | 1.0.3 | 57.00 | NOTE | |||
r-prerel-windows-x86_64 | 1.0.3 | 44.00 | 112.00 | 156.00 | OK | |
r-patched-linux-x86_64 | 1.0.3 | 43.46 | 92.49 | 135.95 | OK | |
r-release-linux-x86_64 | 1.0.3 | 36.96 | 96.10 | 133.06 | OK | |
r-release-macos-arm64 | 1.0.3 | 57.00 | NOTE | |||
r-release-macos-x86_64 | 1.0.3 | 88.00 | NOTE | |||
r-release-windows-x86_64 | 1.0.3 | 53.00 | 135.00 | 188.00 | OK | |
r-oldrel-macos-arm64 | 1.0.3 | 48.00 | OK | |||
r-oldrel-windows-x86_64 | 1.0.3 | 50.00 | 126.00 | 176.00 | OK |
Version: 1.0.3
Check: installed package size
Result: NOTE
installed size is 5.4Mb
sub-directories of 1Mb or more:
data 2.3Mb
libs 3.0Mb
Flavors: r-prerel-macos-arm64, r-release-macos-arm64, r-release-macos-x86_64