Last updated on 2024-03-28 15:50:00 CET.
Flavor | Version | Tinstall | Tcheck | Ttotal | Status | Flags |
---|---|---|---|---|---|---|
r-devel-linux-x86_64-debian-clang | 1.2.1 | 60.74 | 157.67 | 218.41 | OK | |
r-devel-linux-x86_64-debian-gcc | 1.2.1 | 48.86 | 120.69 | 169.55 | OK | |
r-devel-linux-x86_64-fedora-clang | 1.2.1 | 284.17 | OK | |||
r-devel-linux-x86_64-fedora-gcc | 1.2.1 | 296.37 | OK | |||
r-devel-windows-x86_64 | 1.2.1 | 53.00 | 135.00 | 188.00 | OK | |
r-patched-linux-x86_64 | 1.2.1 | 63.48 | 154.41 | 217.89 | OK | |
r-release-linux-x86_64 | 1.2.1 | 65.02 | 150.52 | 215.54 | OK | |
r-release-macos-arm64 | 1.2.1 | 72.00 | NOTE | |||
r-release-macos-x86_64 | 1.2.1 | 125.00 | NOTE | |||
r-release-windows-x86_64 | 1.2.1 | 68.00 | 182.00 | 250.00 | OK | |
r-oldrel-macos-arm64 | 1.2.1 | 63.00 | NOTE | |||
r-oldrel-windows-x86_64 | 1.2.1 | 64.00 | 175.00 | 239.00 | OK |
Version: 1.2.1
Check: installed package size
Result: NOTE
installed size is 7.6Mb
sub-directories of 1Mb or more:
data 4.1Mb
libs 3.1Mb
Flavors: r-release-macos-arm64, r-release-macos-x86_64, r-oldrel-macos-arm64