Last updated on 2022-06-25 17:51:40 CEST.
Flavor | Version | Tinstall | Tcheck | Ttotal | Status | Flags |
---|---|---|---|---|---|---|
r-devel-linux-x86_64-debian-clang | 0.1.0 | 34.94 | 347.75 | 382.69 | NOTE | |
r-devel-linux-x86_64-debian-gcc | 0.1.0 | 27.89 | 290.76 | 318.65 | NOTE | |
r-devel-linux-x86_64-fedora-clang | 0.1.0 | 402.23 | WARN | |||
r-devel-linux-x86_64-fedora-gcc | 0.1.0 | 457.69 | WARN | |||
r-devel-windows-x86_64 | 0.1.0 | 71.00 | 309.00 | 380.00 | OK | |
r-patched-linux-x86_64 | 0.1.0 | 28.94 | 334.16 | 363.10 | OK | |
r-release-linux-x86_64 | 0.1.0 | 25.01 | 332.55 | 357.56 | OK | |
r-release-macos-arm64 | 0.1.0 | 108.00 | NOTE | |||
r-release-macos-x86_64 | 0.1.0 | 190.00 | NOTE | |||
r-release-windows-x86_64 | 0.1.0 | 89.00 | 314.00 | 403.00 | OK | |
r-oldrel-macos-arm64 | 0.1.0 | 163.00 | NOTE | |||
r-oldrel-macos-x86_64 | 0.1.0 | 147.00 | NOTE | |||
r-oldrel-windows-ix86+x86_64 | 0.1.0 | 71.00 | 308.00 | 379.00 | OK |
Version: 0.1.0
Check: package dependencies
Result: NOTE
Package suggested but not available for checking: 'SingleCellSignalR'
Flavors: r-devel-linux-x86_64-debian-clang, r-devel-linux-x86_64-debian-gcc
Version: 0.1.0
Check: package dependencies
Result: WARN
Package suggested but not available for checking: ‘SingleCellSignalR’
Requires (indirectly) orphaned package: ‘gtools’
Flavors: r-devel-linux-x86_64-fedora-clang, r-devel-linux-x86_64-fedora-gcc
Version: 0.1.0
Check: dependencies in R code
Result: NOTE
Namespaces in Imports field not imported from:
‘future’ ‘utils’
All declared Imports should be used.
Flavors: r-devel-linux-x86_64-fedora-clang, r-devel-linux-x86_64-fedora-gcc, r-release-macos-arm64, r-release-macos-x86_64, r-oldrel-macos-arm64, r-oldrel-macos-x86_64
Version: 0.1.0
Check: package dependencies
Result: NOTE
Package suggested but not available for checking: ‘ontoProc’
Flavor: r-release-macos-arm64
Version: 0.1.0
Check: package dependencies
Result: NOTE
Packages suggested but not available for checking:
'ontoProc', 'SingleCellSignalR'
Flavor: r-oldrel-macos-x86_64