CRAN Package Check Results for Package scINSIGHT

Last updated on 2023-06-02 16:57:16 CEST.

Flavor Version Tinstall Tcheck Ttotal Status Flags
r-devel-linux-x86_64-debian-clang 0.1.4 67.26 39.76 107.02 NOTE
r-devel-linux-x86_64-debian-gcc 0.1.4 59.46 31.01 90.47 NOTE
r-devel-linux-x86_64-fedora-clang 0.1.4 149.77 NOTE
r-devel-linux-x86_64-fedora-gcc 0.1.4 151.42 NOTE
r-devel-windows-x86_64 0.1.4 51.00 71.00 122.00 NOTE
r-patched-linux-x86_64 0.1.4 NOTE
r-release-linux-x86_64 0.1.4 56.20 38.66 94.86 NOTE
r-release-macos-arm64 0.1.4 41.00 NOTE
r-release-macos-x86_64 0.1.4 60.00 NOTE
r-release-windows-x86_64 0.1.4 64.00 80.00 144.00 NOTE
r-oldrel-macos-arm64 0.1.4 37.00 OK
r-oldrel-macos-x86_64 0.1.4 45.00 OK
r-oldrel-windows-x86_64 0.1.4 62.00 82.00 144.00 OK

Check Details

Version: 0.1.4
Check: C++ specification
Result: NOTE
     Specified C++11: please drop specification unless essential
Flavors: r-devel-linux-x86_64-debian-clang, r-devel-linux-x86_64-debian-gcc, r-devel-linux-x86_64-fedora-clang, r-devel-linux-x86_64-fedora-gcc, r-devel-windows-x86_64, r-patched-linux-x86_64, r-release-linux-x86_64, r-release-macos-arm64, r-release-macos-x86_64, r-release-windows-x86_64