Last updated on 2023-09-22 05:53:51 CEST.
Flavor | Version | Tinstall | Tcheck | Ttotal | Status | Flags |
---|---|---|---|---|---|---|
r-devel-linux-x86_64-debian-clang | 1.0.11 | 65.42 | 624.61 | 690.03 | OK | |
r-devel-linux-x86_64-debian-gcc | 1.0.11 | 52.86 | 464.80 | 517.66 | OK | |
r-devel-linux-x86_64-fedora-clang | 1.0.11 | 914.92 | OK | |||
r-devel-linux-x86_64-fedora-gcc | 1.0.11 | 891.24 | OK | |||
r-devel-windows-x86_64 | 1.0.11 | 60.00 | 443.00 | 503.00 | OK | |
r-patched-linux-x86_64 | 1.0.11 | 45.87 | 581.53 | 627.40 | OK | |
r-release-linux-x86_64 | 1.0.11 | 44.22 | 594.74 | 638.96 | OK | |
r-release-macos-arm64 | 1.0.11 | 6.00 | ERROR | |||
r-release-macos-x86_64 | 1.0.11 | 7.00 | ERROR | |||
r-release-windows-x86_64 | 1.0.11 | 75.00 | 581.00 | 656.00 | OK | |
r-oldrel-macos-arm64 | 1.0.11 | 202.00 | OK | |||
r-oldrel-macos-x86_64 | 1.0.11 | 281.00 | OK | |||
r-oldrel-windows-x86_64 | 1.0.11 | 77.00 | 547.00 | 624.00 | OK |
Version: 1.0.11
Check: package dependencies
Result: ERROR
Package required but not available: ‘GSVA’
See section ‘The DESCRIPTION file’ in the ‘Writing R Extensions’
manual.
Flavors: r-release-macos-arm64, r-release-macos-x86_64