Last updated on 2024-04-20 00:56:23 CEST.
Flavor | Version | Tinstall | Tcheck | Ttotal | Status | Flags |
---|---|---|---|---|---|---|
r-devel-linux-x86_64-debian-clang | 1.0.0.0 | 0.40 | 1.93 | 2.33 | ERROR | |
r-devel-linux-x86_64-debian-gcc | 1.0.0.0 | OK | ||||
r-devel-linux-x86_64-fedora-clang | 1.0.0.0 | 84.43 | OK | |||
r-devel-linux-x86_64-fedora-gcc | 1.0.0.0 | 80.42 | OK | |||
r-prerel-macos-arm64 | 1.0.0.0 | 32.00 | OK | |||
r-prerel-macos-x86_64 | 1.0.0.0 | 55.00 | OK | |||
r-prerel-windows-x86_64 | 1.0.0.0 | 13.00 | 56.00 | 69.00 | OK | |
r-patched-linux-x86_64 | 1.0.0.0 | 14.88 | 46.80 | 61.68 | OK | |
r-release-linux-x86_64 | 1.0.0.0 | 14.53 | 47.74 | 62.27 | OK | |
r-release-macos-arm64 | 1.0.0.0 | 33.00 | OK | |||
r-release-macos-x86_64 | 1.0.0.0 | 45.00 | OK | |||
r-release-windows-x86_64 | 1.0.0.0 | 16.00 | 65.00 | 81.00 | OK | |
r-oldrel-macos-arm64 | 1.0.0.0 | 33.00 | OK | |||
r-oldrel-windows-x86_64 | 1.0.0.0 | 19.00 | 66.00 | 85.00 | OK |
Version: 1.0.0.0
Check: package dependencies
Result: ERROR
Packages required but not available:
'SingleCellExperiment', 'SummarizedExperiment'
See section ‘The DESCRIPTION file’ in the ‘Writing R Extensions’
manual.
Flavor: r-devel-linux-x86_64-debian-clang