Last updated on 2024-03-28 23:55:19 CET.
Flavor | Version | Tinstall | Tcheck | Ttotal | Status | Flags |
---|---|---|---|---|---|---|
r-devel-linux-x86_64-debian-clang | 0.0.2 | 2.37 | 120.12 | 122.49 | NOTE | |
r-devel-linux-x86_64-debian-gcc | 0.0.2 | 2.14 | 81.67 | 83.81 | NOTE | |
r-devel-linux-x86_64-fedora-clang | 0.0.2 | 147.36 | NOTE | |||
r-devel-linux-x86_64-fedora-gcc | 0.0.2 | 157.59 | NOTE | |||
r-devel-windows-x86_64 | 0.0.2 | 3.00 | 106.00 | 109.00 | NOTE | |
r-patched-linux-x86_64 | 0.0.2 | 3.04 | 116.44 | 119.48 | NOTE | |
r-release-linux-x86_64 | 0.0.2 | 2.59 | 114.94 | 117.53 | NOTE | |
r-release-macos-arm64 | 0.0.2 | 55.00 | NOTE | |||
r-release-macos-x86_64 | 0.0.2 | 101.00 | NOTE | |||
r-release-windows-x86_64 | 0.0.2 | 3.00 | 120.00 | 123.00 | NOTE | |
r-oldrel-macos-arm64 | 0.0.2 | 53.00 | NOTE | |||
r-oldrel-windows-x86_64 | 0.0.2 | 4.00 | 125.00 | 129.00 | NOTE |
Version: 0.0.2
Check: LazyData
Result: NOTE
'LazyData' is specified without a 'data' directory
Flavors: r-devel-linux-x86_64-debian-clang, r-devel-linux-x86_64-debian-gcc, r-devel-linux-x86_64-fedora-clang, r-devel-linux-x86_64-fedora-gcc, r-devel-windows-x86_64, r-patched-linux-x86_64, r-release-linux-x86_64, r-release-macos-arm64, r-release-macos-x86_64, r-release-windows-x86_64, r-oldrel-macos-arm64, r-oldrel-windows-x86_64