CRAN Package Check Results for Package scaffolder

Last updated on 2021-10-26 09:09:39 CEST.

Flavor Version Tinstall Tcheck Ttotal Status Flags
r-devel-linux-x86_64-debian-clang 0.0.1 7.47 64.29 71.76 NOTE
r-devel-linux-x86_64-debian-gcc 0.0.1 5.45 51.35 56.80 NOTE
r-devel-linux-x86_64-fedora-clang 0.0.1 97.08 NOTE
r-devel-linux-x86_64-fedora-gcc 0.0.1 87.07 NOTE
r-devel-windows-x86_64 0.0.1 12.00 62.00 74.00 NOTE
r-devel-windows-x86_64-gcc10-UCRT 0.0.1 NOTE
r-patched-linux-x86_64 0.0.1 10.19 63.58 73.77 NOTE
r-patched-solaris-x86 0.0.1 132.90 NOTE
r-release-linux-x86_64 0.0.1 7.04 61.80 68.84 NOTE
r-release-macos-arm64 0.0.1 NOTE
r-release-macos-x86_64 0.0.1 NOTE
r-release-windows-ix86+x86_64 0.0.1 13.00 84.00 97.00 NOTE
r-oldrel-macos-x86_64 0.0.1 OK
r-oldrel-windows-ix86+x86_64 0.0.1 17.00 84.00 101.00 OK

Additional issues

donttest

Check Details

Version: 0.0.1
Check: LazyData
Result: NOTE
     'LazyData' is specified without a 'data' directory
Flavors: r-devel-linux-x86_64-debian-clang, r-devel-linux-x86_64-debian-gcc, r-devel-linux-x86_64-fedora-clang, r-devel-linux-x86_64-fedora-gcc, r-devel-windows-x86_64, r-devel-windows-x86_64-gcc10-UCRT, r-patched-linux-x86_64, r-patched-solaris-x86, r-release-linux-x86_64, r-release-macos-arm64, r-release-macos-x86_64, r-release-windows-ix86+x86_64