CRAN Package Check Results for Package scaleAlign

Last updated on 2022-01-20 16:51:32 CET.

Flavor Version Tinstall Tcheck Ttotal Status Flags
r-devel-linux-x86_64-debian-clang 1.0.0.0 NOTE
r-devel-linux-x86_64-debian-gcc 1.0.0.0 1.55 25.64 27.19 NOTE
r-devel-linux-x86_64-fedora-clang 1.0.0.0 43.76 NOTE
r-devel-linux-x86_64-fedora-gcc 1.0.0.0 33.08 NOTE
r-devel-windows-x86_64-new-UL 1.0.0.0 34.00 52.00 86.00 NOTE
r-devel-windows-x86_64-new-TK 1.0.0.0 NOTE
r-patched-linux-x86_64 1.0.0.0 1.96 31.77 33.73 NOTE
r-release-linux-x86_64 1.0.0.0 1.70 31.82 33.52 NOTE
r-release-macos-arm64 1.0.0.0 NOTE
r-release-macos-x86_64 1.0.0.0 NOTE
r-release-windows-ix86+x86_64 1.0.0.0 5.00 44.00 49.00 NOTE
r-oldrel-macos-x86_64 1.0.0.0 OK
r-oldrel-windows-ix86+x86_64 1.0.0.0 5.00 44.00 49.00 OK

Check Details

Version: 1.0.0.0
Check: LazyData
Result: NOTE
     'LazyData' is specified without a 'data' directory
Flavors: r-devel-linux-x86_64-debian-clang, r-devel-linux-x86_64-debian-gcc, r-devel-linux-x86_64-fedora-clang, r-devel-linux-x86_64-fedora-gcc, r-devel-windows-x86_64-new-UL, r-devel-windows-x86_64-new-TK, r-patched-linux-x86_64, r-release-linux-x86_64, r-release-macos-arm64, r-release-macos-x86_64, r-release-windows-ix86+x86_64