CRAN Package Check Results for Package scales

Last updated on 2024-02-21 00:54:40 CET.

Flavor Version Tinstall Tcheck Ttotal Status Flags
r-devel-linux-x86_64-debian-clang 1.3.0 OK
r-devel-linux-x86_64-debian-gcc 1.3.0 8.68 71.06 79.74 OK
r-devel-linux-x86_64-fedora-clang 1.3.0 128.46 OK
r-devel-linux-x86_64-fedora-gcc 1.3.0 125.62 OK
r-devel-windows-x86_64 1.3.0 9.00 107.00 116.00 OK
r-patched-linux-x86_64 1.3.0 13.49 93.21 106.70 OK
r-release-linux-x86_64 1.3.0 11.94 91.96 103.90 OK
r-release-macos-arm64 1.3.0 44.00 OK
r-release-macos-x86_64 1.3.0 107.00 OK
r-release-windows-x86_64 1.3.0 12.00 125.00 137.00 OK
r-oldrel-macos-arm64 1.3.0 40.00 OK
r-oldrel-windows-x86_64 1.3.0 13.00 103.00 116.00 WARN

Check Details

Version: 1.3.0
Check: R files for syntax errors
Result: WARN Warning in file 'R/label-number.R': unable to translate '<U+03BC>s' to native encoding Flavor: r-oldrel-windows-x86_64