CRAN Package Check Results for Package scanstatistics

Last updated on 2023-06-05 16:55:06 CEST.

Flavor Version Tinstall Tcheck Ttotal Status Flags
r-devel-linux-x86_64-debian-clang 1.1.1 137.19 125.67 262.86 NOTE
r-devel-linux-x86_64-debian-gcc 1.1.1 112.34 94.16 206.50 NOTE
r-devel-linux-x86_64-fedora-clang 1.1.1 392.46 NOTE
r-devel-linux-x86_64-fedora-gcc 1.1.1 393.31 NOTE
r-devel-windows-x86_64 1.1.1 110.00 126.00 236.00 NOTE
r-patched-linux-x86_64 1.1.1 93.28 117.84 211.12 NOTE
r-release-linux-x86_64 1.1.1 90.70 116.11 206.81 NOTE
r-release-macos-arm64 1.1.1 99.00 NOTE
r-release-macos-x86_64 1.1.1 167.00 NOTE
r-release-windows-x86_64 1.1.1 143.00 160.00 303.00 NOTE
r-oldrel-macos-arm64 1.1.1 77.00 OK
r-oldrel-macos-x86_64 1.1.1 114.00 OK
r-oldrel-windows-x86_64 1.1.1 140.00 149.00 289.00 OK

Check Details

Version: 1.1.1
Check: C++ specification
Result: NOTE
     Specified C++11: please drop specification unless essential
Flavors: r-devel-linux-x86_64-debian-clang, r-devel-linux-x86_64-debian-gcc, r-devel-linux-x86_64-fedora-clang, r-devel-linux-x86_64-fedora-gcc, r-devel-windows-x86_64, r-patched-linux-x86_64, r-release-linux-x86_64, r-release-macos-arm64, r-release-macos-x86_64, r-release-windows-x86_64