Last updated on 2023-05-28 23:14:09 CEST.
Flavor | Version | Tinstall | Tcheck | Ttotal | Status | Flags |
---|---|---|---|---|---|---|
r-devel-linux-x86_64-debian-clang | 2.3.3 | 11.01 | 122.21 | 133.22 | NOTE | |
r-devel-linux-x86_64-debian-gcc | 2.3.3 | 9.07 | 92.71 | 101.78 | NOTE | |
r-devel-linux-x86_64-fedora-clang | 2.3.3 | 161.98 | NOTE | |||
r-devel-linux-x86_64-fedora-gcc | 2.3.3 | 167.98 | NOTE | |||
r-devel-windows-x86_64 | 2.3.3 | 10.00 | 143.00 | 153.00 | NOTE | |
r-patched-linux-x86_64 | 2.3.3 | 11.58 | 113.03 | 124.61 | NOTE | |
r-release-linux-x86_64 | 2.3.3 | 8.54 | 115.44 | 123.98 | NOTE | |
r-release-macos-arm64 | 2.3.3 | 67.00 | NOTE | |||
r-release-macos-x86_64 | 2.3.3 | 94.00 | NOTE | |||
r-release-windows-x86_64 | 2.3.3 | 15.00 | 158.00 | 173.00 | NOTE | |
r-oldrel-macos-arm64 | 2.3.3 | 63.00 | OK | |||
r-oldrel-macos-x86_64 | 2.3.3 | 114.00 | OK | |||
r-oldrel-windows-x86_64 | 2.3.3 | 15.00 | 159.00 | 174.00 | OK |
Version: 2.3.3
Check: Rd files
Result: NOTE
checkRd: (-1) x.oreo.Rd:48: Escaped LaTeX specials: \_ \_
Flavors: r-devel-linux-x86_64-debian-clang, r-devel-linux-x86_64-debian-gcc, r-devel-linux-x86_64-fedora-clang, r-devel-linux-x86_64-fedora-gcc, r-devel-windows-x86_64, r-patched-linux-x86_64, r-release-linux-x86_64, r-release-macos-arm64, r-release-macos-x86_64, r-release-windows-x86_64