Last updated on 2023-12-03 08:50:22 CET.
Flavor | Version | Tinstall | Tcheck | Ttotal | Status | Flags |
---|---|---|---|---|---|---|
r-devel-linux-x86_64-debian-clang | 1.0.1 | 3.76 | 35.74 | 39.50 | NOTE | |
r-devel-linux-x86_64-debian-gcc | 1.0.1 | 2.71 | 27.43 | 30.14 | NOTE | |
r-devel-linux-x86_64-fedora-clang | 1.0.1 | 51.81 | OK | |||
r-devel-linux-x86_64-fedora-gcc | 1.0.1 | 57.89 | OK | |||
r-devel-windows-x86_64 | 1.0.1 | 4.00 | 49.00 | 53.00 | OK | |
r-patched-linux-x86_64 | 1.0.1 | 2.29 | 34.70 | 36.99 | OK | |
r-release-linux-x86_64 | 1.0.1 | 2.22 | 34.55 | 36.77 | OK | |
r-release-macos-arm64 | 1.0.1 | 27.00 | OK | |||
r-release-macos-x86_64 | 1.0.1 | 38.00 | OK | |||
r-release-windows-x86_64 | 1.0.1 | 5.00 | 53.00 | 58.00 | OK | |
r-oldrel-macos-arm64 | 1.0.1 | 20.00 | OK | |||
r-oldrel-macos-x86_64 | 1.0.1 | 27.00 | OK | |||
r-oldrel-windows-x86_64 | 1.0.1 | 5.00 | 55.00 | 60.00 | OK |
Version: 1.0.1
Check: Rd files
Result: NOTE
checkRd: (-1) scatterD3.Rd:209: Lost braces; missing escapes or markup?
209 | {https://github.com/skokenes/D3-Lasso-Plugin}{d3-lasso-plugin} feature}
| ^
checkRd: (-1) scatterD3.Rd:209: Lost braces
209 | {https://github.com/skokenes/D3-Lasso-Plugin}{d3-lasso-plugin} feature}
| ^
Flavors: r-devel-linux-x86_64-debian-clang, r-devel-linux-x86_64-debian-gcc