CRAN Package Check Results for Package scdhlm

Last updated on 2021-09-21 04:55:35 CEST.

Flavor Version Tinstall Tcheck Ttotal Status Flags
r-devel-linux-x86_64-debian-clang 0.5.2 6.25 68.18 74.43 OK
r-devel-linux-x86_64-debian-gcc 0.5.2 4.38 51.40 55.78 OK
r-devel-linux-x86_64-fedora-clang 0.5.2 94.43 OK
r-devel-linux-x86_64-fedora-gcc 0.5.2 84.41 OK
r-devel-windows-x86_64 0.5.2 8.00 76.00 84.00 OK
r-devel-windows-x86_64-gcc10-UCRT 0.5.2 ERROR
r-patched-linux-x86_64 0.5.2 6.92 63.41 70.33 OK
r-patched-solaris-x86 0.5.2 118.30 OK
r-release-linux-x86_64 0.5.2 5.09 63.47 68.56 OK
r-release-macos-arm64 0.5.2 OK
r-release-macos-x86_64 0.5.2 OK
r-release-windows-ix86+x86_64 0.5.2 11.00 72.00 83.00 OK
r-oldrel-macos-x86_64 0.5.2 OK
r-oldrel-windows-ix86+x86_64 0.5.2 12.00 64.00 76.00 OK

Check Details

Version: 0.5.2
Check: whether package can be installed
Result: WARN
    Found the following significant warnings:
     WARNING: installation-time patches will not be applied, could not get the patches index
Flavor: r-devel-windows-x86_64-gcc10-UCRT

Version: 0.5.2
Check: PDF version of manual
Result: WARN
    LaTeX errors when creating PDF version.
    This typically indicates Rd problems.
Flavor: r-devel-windows-x86_64-gcc10-UCRT

Version: 0.5.2
Check: PDF version of manual without hyperrefs or index
Result: ERROR
    Re-running with no redirection of stdout/stderr.
Flavor: r-devel-windows-x86_64-gcc10-UCRT