Last updated on 2024-03-27 23:59:57 CET.
Flavor | Version | Tinstall | Tcheck | Ttotal | Status | Flags |
---|---|---|---|---|---|---|
r-devel-linux-x86_64-debian-clang | 1.4.5 | 323.71 | 91.70 | 415.41 | OK | |
r-devel-linux-x86_64-debian-gcc | 1.4.5 | 255.41 | 78.75 | 334.16 | OK | |
r-devel-linux-x86_64-fedora-clang | 1.4.5 | 639.50 | OK | |||
r-devel-linux-x86_64-fedora-gcc | 1.4.5 | 639.02 | OK | |||
r-devel-windows-x86_64 | 1.4.5 | 230.00 | 137.00 | 367.00 | OK | |
r-patched-linux-x86_64 | 1.4.5 | 320.78 | 98.32 | 419.10 | OK | |
r-release-linux-x86_64 | 1.4.5 | 325.80 | 99.13 | 424.93 | OK | |
r-release-macos-arm64 | 1.4.5 | 143.00 | NOTE | |||
r-release-macos-x86_64 | 1.4.5 | 236.00 | NOTE | |||
r-release-windows-x86_64 | 1.4.5 | 227.00 | 158.00 | 385.00 | OK | |
r-oldrel-macos-arm64 | 1.4.5 | 132.00 | NOTE | |||
r-oldrel-windows-x86_64 | 1.4.5 | 293.00 | 156.00 | 449.00 | OK |
Version: 1.4.5
Check: installed package size
Result: NOTE
installed size is 17.3Mb
sub-directories of 1Mb or more:
libs 16.7Mb
Flavors: r-release-macos-arm64, r-release-macos-x86_64, r-oldrel-macos-arm64