CRAN Package Check Results for Package schoenberg

Last updated on 2021-10-17 12:52:57 CEST.

Flavor Version Tinstall Tcheck Ttotal Status Flags
r-devel-linux-x86_64-debian-clang 2.0.2 1.90 23.07 24.97 NOTE
r-devel-linux-x86_64-debian-gcc 2.0.2 1.62 18.59 20.21 NOTE
r-devel-linux-x86_64-fedora-clang 2.0.2 40.58 NOTE
r-devel-linux-x86_64-fedora-gcc 2.0.2 29.62 NOTE
r-devel-windows-x86_64 2.0.2 4.00 33.00 37.00 NOTE
r-devel-windows-x86_64-gcc10-UCRT 2.0.2 NOTE
r-patched-linux-x86_64 2.0.2 2.11 22.25 24.36 NOTE
r-patched-solaris-x86 2.0.2 47.90 NOTE
r-release-linux-x86_64 2.0.2 1.74 22.35 24.09 NOTE
r-release-macos-arm64 2.0.2 NOTE
r-release-macos-x86_64 2.0.2 NOTE
r-release-windows-ix86+x86_64 2.0.2 4.00 39.00 43.00 NOTE
r-oldrel-macos-x86_64 2.0.2 OK
r-oldrel-windows-ix86+x86_64 2.0.2 6.00 38.00 44.00 OK

Check Details

Version: 2.0.2
Check: LazyData
Result: NOTE
     'LazyData' is specified without a 'data' directory
Flavors: r-devel-linux-x86_64-debian-clang, r-devel-linux-x86_64-debian-gcc, r-devel-linux-x86_64-fedora-clang, r-devel-linux-x86_64-fedora-gcc, r-devel-windows-x86_64, r-devel-windows-x86_64-gcc10-UCRT, r-patched-linux-x86_64, r-patched-solaris-x86, r-release-linux-x86_64, r-release-macos-arm64, r-release-macos-x86_64, r-release-windows-ix86+x86_64