Last updated on 2024-04-23 01:06:31 CEST.
Flavor | Version | Tinstall | Tcheck | Ttotal | Status | Flags |
---|---|---|---|---|---|---|
r-devel-linux-x86_64-debian-clang | 0.0.1 | 2.09 | 21.53 | 23.62 | NOTE | |
r-devel-linux-x86_64-debian-gcc | 0.0.1 | 1.46 | 16.69 | 18.15 | NOTE | |
r-devel-linux-x86_64-fedora-clang | 0.0.1 | 29.80 | NOTE | |||
r-devel-linux-x86_64-fedora-gcc | 0.0.1 | 29.42 | NOTE | |||
r-prerel-macos-arm64 | 0.0.1 | 13.00 | NOTE | |||
r-prerel-windows-x86_64 | 0.0.1 | 3.00 | 38.00 | 41.00 | NOTE | |
r-patched-linux-x86_64 | 0.0.1 | 1.31 | 20.65 | 21.96 | NOTE | |
r-release-linux-x86_64 | 0.0.1 | 2.04 | 20.85 | 22.89 | NOTE | |
r-release-macos-arm64 | 0.0.1 | 15.00 | NOTE | |||
r-release-macos-x86_64 | 0.0.1 | 18.00 | NOTE | |||
r-release-windows-x86_64 | 0.0.1 | 4.00 | 38.00 | 42.00 | NOTE | |
r-oldrel-macos-arm64 | 0.0.1 | 14.00 | NOTE | |||
r-oldrel-windows-x86_64 | 0.0.1 | 3.00 | 45.00 | 48.00 | NOTE |
Version: 0.0.1
Check: LazyData
Result: NOTE
'LazyData' is specified without a 'data' directory
Flavors: r-devel-linux-x86_64-debian-clang, r-devel-linux-x86_64-debian-gcc, r-devel-linux-x86_64-fedora-clang, r-devel-linux-x86_64-fedora-gcc, r-prerel-macos-arm64, r-prerel-windows-x86_64, r-patched-linux-x86_64, r-release-linux-x86_64, r-release-macos-arm64, r-release-macos-x86_64, r-release-windows-x86_64, r-oldrel-macos-arm64, r-oldrel-windows-x86_64