Last updated on 2023-06-10 16:53:47 CEST.
Flavor | Version | Tinstall | Tcheck | Ttotal | Status | Flags |
---|---|---|---|---|---|---|
r-devel-linux-x86_64-debian-clang | 1.7.4-0 | 132.79 | 40.32 | 173.11 | NOTE | |
r-devel-linux-x86_64-debian-gcc | 1.7.4-0 | 94.90 | 31.66 | 126.56 | NOTE | |
r-devel-linux-x86_64-fedora-clang | 1.7.4-0 | 285.34 | NOTE | |||
r-devel-linux-x86_64-fedora-gcc | 1.7.4-0 | 264.19 | NOTE | |||
r-devel-windows-x86_64 | 1.7.4-0 | 88.00 | 74.00 | 162.00 | NOTE | |
r-patched-linux-x86_64 | 1.7.4-0 | 104.25 | 38.57 | 142.82 | NOTE | |
r-release-linux-x86_64 | 1.7.4-0 | 103.09 | 38.44 | 141.53 | NOTE | |
r-release-macos-arm64 | 1.7.4-0 | 66.00 | NOTE | |||
r-release-macos-x86_64 | 1.7.4-0 | 116.00 | NOTE | |||
r-release-windows-x86_64 | 1.7.4-0 | 94.00 | 84.00 | 178.00 | NOTE | |
r-oldrel-macos-arm64 | 1.7.4-0 | 54.00 | OK | |||
r-oldrel-macos-x86_64 | 1.7.4-0 | 78.00 | OK | |||
r-oldrel-windows-x86_64 | 1.7.4-0 | 126.00 | 83.00 | 209.00 | OK |
Version: 1.7.4-0
Check: C++ specification
Result: NOTE
Specified C++11: please drop specification unless essential
Flavors: r-devel-linux-x86_64-debian-clang, r-devel-linux-x86_64-debian-gcc, r-devel-linux-x86_64-fedora-clang, r-devel-linux-x86_64-fedora-gcc, r-devel-windows-x86_64, r-patched-linux-x86_64, r-release-linux-x86_64, r-release-macos-arm64, r-release-macos-x86_64, r-release-windows-x86_64