Last updated on 2024-03-28 15:50:00 CET.
Flavor | Version | Tinstall | Tcheck | Ttotal | Status | Flags |
---|---|---|---|---|---|---|
r-devel-linux-x86_64-debian-clang | 0.4.1 | 54.30 | 125.95 | 180.25 | OK | |
r-devel-linux-x86_64-debian-gcc | 0.4.1 | 40.14 | 94.55 | 134.69 | OK | |
r-devel-linux-x86_64-fedora-clang | 0.4.1 | 253.54 | OK | |||
r-devel-linux-x86_64-fedora-gcc | 0.4.1 | 231.10 | OK | |||
r-devel-windows-x86_64 | 0.4.1 | 44.00 | 130.00 | 174.00 | OK | |
r-patched-linux-x86_64 | 0.4.1 | 49.79 | 122.16 | 171.95 | OK | |
r-release-linux-x86_64 | 0.4.1 | 45.34 | 126.03 | 171.37 | OK | |
r-release-macos-arm64 | 0.4.1 | 62.00 | NOTE | |||
r-release-macos-x86_64 | 0.4.1 | 128.00 | NOTE | |||
r-release-windows-x86_64 | 0.4.1 | 53.00 | 158.00 | 211.00 | OK | |
r-oldrel-macos-arm64 | 0.4.1 | 65.00 | NOTE | |||
r-oldrel-windows-x86_64 | 0.4.1 | 55.00 | 157.00 | 212.00 | OK |
Version: 0.4.1
Check: package dependencies
Result: NOTE
Package which this enhances but not available for checking: ‘glmGamPoi’
Flavors: r-release-macos-arm64, r-release-macos-x86_64, r-oldrel-macos-arm64