Last updated on 2023-09-21 17:55:55 CEST.
Flavor | Version | Tinstall | Tcheck | Ttotal | Status | Flags |
---|---|---|---|---|---|---|
r-devel-linux-x86_64-debian-clang | 1.0.2 | 40.79 | 348.72 | 389.51 | OK | |
r-devel-linux-x86_64-debian-gcc | 1.0.2 | 30.83 | 252.83 | 283.66 | OK | |
r-devel-linux-x86_64-fedora-clang | 1.0.2 | 509.18 | NOTE | |||
r-devel-linux-x86_64-fedora-gcc | 1.0.2 | 469.22 | NOTE | |||
r-devel-windows-x86_64 | 1.0.2 | 29.00 | 217.00 | 246.00 | OK | |
r-patched-linux-x86_64 | 1.0.2 | 24.95 | 328.17 | 353.12 | OK | |
r-release-linux-x86_64 | 1.0.2 | 25.49 | 332.41 | 357.90 | OK | |
r-release-macos-arm64 | 1.0.2 | 118.00 | OK | |||
r-release-macos-x86_64 | 1.0.2 | 213.00 | OK | |||
r-release-windows-x86_64 | 1.0.2 | 43.00 | 294.00 | 337.00 | OK | |
r-oldrel-macos-arm64 | 1.0.2 | 89.00 | NOTE | |||
r-oldrel-macos-x86_64 | 1.0.2 | 161.00 | NOTE | |||
r-oldrel-windows-x86_64 | 1.0.2 | 42.00 | 293.00 | 335.00 | OK |
Version: 1.0.2
Check: dependencies in R code
Result: NOTE
Namespaces in Imports field not imported from:
‘rgdal’ ‘rgeos’ ‘tidyr’
All declared Imports should be used.
Flavors: r-devel-linux-x86_64-fedora-clang, r-devel-linux-x86_64-fedora-gcc, r-oldrel-macos-arm64, r-oldrel-macos-x86_64