CRAN Package Check Results for Package sda

Last updated on 2023-12-02 16:49:27 CET.

Flavor Version Tinstall Tcheck Ttotal Status Flags
r-devel-linux-x86_64-debian-clang 1.3.8 3.15 31.33 34.48 NOTE
r-devel-linux-x86_64-debian-gcc 1.3.8 2.40 25.01 27.41 NOTE
r-devel-linux-x86_64-fedora-clang 1.3.8 44.97 OK
r-devel-linux-x86_64-fedora-gcc 1.3.8 41.24 OK
r-devel-windows-x86_64 1.3.8 3.00 49.00 52.00 OK
r-patched-linux-x86_64 1.3.8 3.52 30.75 34.27 OK
r-release-linux-x86_64 1.3.8 3.09 31.25 34.34 OK
r-release-macos-arm64 1.3.8 20.00 OK
r-release-macos-x86_64 1.3.8 28.00 OK
r-release-windows-x86_64 1.3.8 4.00 48.00 52.00 OK
r-oldrel-macos-arm64 1.3.8 21.00 OK
r-oldrel-macos-x86_64 1.3.8 27.00 OK
r-oldrel-windows-x86_64 1.3.8 4.00 52.00 56.00 OK

Check Details

Version: 1.3.8
Check: Rd files
Result: NOTE checkRd: (-1) sda.Rd:36-37: Lost braces in \itemize; meant \describe ? checkRd: (-1) sda.Rd:38: Lost braces in \itemize; meant \describe ? checkRd: (-1) sda.Rd:40: Lost braces in \itemize; meant \describe ? checkRd: (-1) sda.package.Rd:22: Lost braces in \itemize; meant \describe ? checkRd: (-1) sda.package.Rd:23: Lost braces in \itemize; meant \describe ? checkRd: (-1) sda.package.Rd:24: Lost braces in \itemize; meant \describe ? Flavors: r-devel-linux-x86_64-debian-clang, r-devel-linux-x86_64-debian-gcc