Last updated on 2023-10-03 01:05:04 CEST.
Flavor | Version | Tinstall | Tcheck | Ttotal | Status | Flags |
---|---|---|---|---|---|---|
r-devel-linux-x86_64-debian-clang | 0.2.0 | 5.13 | 45.57 | 50.70 | OK | |
r-devel-linux-x86_64-debian-gcc | 0.2.0 | 4.39 | 34.41 | 38.80 | OK | |
r-devel-linux-x86_64-fedora-clang | 0.2.0 | 62.02 | NOTE | |||
r-devel-linux-x86_64-fedora-gcc | 0.2.0 | 60.45 | NOTE | |||
r-devel-windows-x86_64 | 0.2.0 | 7.00 | 58.00 | 65.00 | OK | |
r-patched-linux-x86_64 | 0.2.0 | 4.63 | 43.09 | 47.72 | OK | |
r-release-linux-x86_64 | 0.2.0 | 5.40 | 43.02 | 48.42 | OK | |
r-release-macos-arm64 | 0.2.0 | 24.00 | OK | |||
r-release-macos-x86_64 | 0.2.0 | 32.00 | OK | |||
r-release-windows-x86_64 | 0.2.0 | 9.00 | 61.00 | 70.00 | OK | |
r-oldrel-macos-arm64 | 0.2.0 | 32.00 | NOTE | |||
r-oldrel-macos-x86_64 | 0.2.0 | 34.00 | NOTE | |||
r-oldrel-windows-x86_64 | 0.2.0 | 8.00 | 64.00 | 72.00 | OK |
Version: 0.2.0
Check: data for non-ASCII characters
Result: NOTE
Note: found 1 marked UTF-8 string
Flavors: r-devel-linux-x86_64-fedora-clang, r-devel-linux-x86_64-fedora-gcc, r-oldrel-macos-arm64, r-oldrel-macos-x86_64