Last updated on 2024-04-18 16:50:09 CEST.
Flavor | Version | Tinstall | Tcheck | Ttotal | Status | Flags |
---|---|---|---|---|---|---|
r-devel-linux-x86_64-debian-clang | 0.2.0 | 3.60 | 47.19 | 50.79 | NOTE | |
r-devel-linux-x86_64-debian-gcc | 0.2.0 | 4.31 | 34.69 | 39.00 | NOTE | |
r-devel-linux-x86_64-fedora-clang | 0.2.0 | 65.01 | NOTE | |||
r-devel-linux-x86_64-fedora-gcc | 0.2.0 | 65.13 | NOTE | |||
r-prerel-macos-arm64 | 0.2.0 | 24.00 | NOTE | |||
r-prerel-windows-x86_64 | 0.2.0 | 7.00 | 58.00 | 65.00 | NOTE | |
r-patched-linux-x86_64 | 0.2.0 | 5.59 | 44.25 | 49.84 | NOTE | |
r-release-linux-x86_64 | 0.2.0 | 4.41 | 42.88 | 47.29 | OK | |
r-release-macos-arm64 | 0.2.0 | 24.00 | OK | |||
r-release-macos-x86_64 | 0.2.0 | 32.00 | OK | |||
r-release-windows-x86_64 | 0.2.0 | 8.00 | 59.00 | 67.00 | OK | |
r-oldrel-macos-arm64 | 0.2.0 | 32.00 | NOTE | |||
r-oldrel-windows-x86_64 | 0.2.0 | 8.00 | 66.00 | 74.00 | OK |
Version: 0.2.0
Check: Rd files
Result: NOTE
checkRd: (-1) geom_flat_violin.Rd:7: Lost braces
7 | url{https://gist.github.com/dgrtwo/eb7750e74997891d7c20}
| ^
Flavors: r-devel-linux-x86_64-debian-clang, r-devel-linux-x86_64-debian-gcc, r-devel-linux-x86_64-fedora-clang, r-devel-linux-x86_64-fedora-gcc, r-prerel-macos-arm64, r-prerel-windows-x86_64, r-patched-linux-x86_64
Version: 0.2.0
Check: data for non-ASCII characters
Result: NOTE
Note: found 1 marked UTF-8 string
Flavors: r-devel-linux-x86_64-fedora-clang, r-devel-linux-x86_64-fedora-gcc, r-oldrel-macos-arm64