CRAN Package Check Results for Package sdetorus

Last updated on 2021-10-26 20:51:08 CEST.

Flavor Version Tinstall Tcheck Ttotal Status Flags
r-devel-linux-x86_64-debian-clang 0.1.8 145.21 61.89 207.10 OK
r-devel-linux-x86_64-debian-gcc 0.1.8 107.92 45.74 153.66 OK
r-devel-linux-x86_64-fedora-clang 0.1.8 338.97 NOTE
r-devel-linux-x86_64-fedora-gcc 0.1.8 307.52 OK
r-devel-windows-x86_64 0.1.8 193.00 75.00 268.00 OK
r-devel-windows-x86_64-gcc10-UCRT 0.1.8 OK
r-patched-linux-x86_64 0.1.8 134.61 58.08 192.69 OK
r-patched-solaris-x86 0.1.8 276.40 OK
r-release-linux-x86_64 0.1.8 133.34 58.01 191.35 OK
r-release-macos-arm64 0.1.8 NOTE
r-release-macos-x86_64 0.1.8 NOTE
r-release-windows-ix86+x86_64 0.1.8 264.00 133.00 397.00 OK
r-oldrel-macos-x86_64 0.1.8 NOTE
r-oldrel-windows-ix86+x86_64 0.1.8 387.00 134.00 521.00 OK

Check Details

Version: 0.1.8
Check: installed package size
Result: NOTE
     installed size is 9.5Mb
     sub-directories of 1Mb or more:
     libs 8.6Mb
Flavors: r-devel-linux-x86_64-fedora-clang, r-release-macos-arm64, r-release-macos-x86_64, r-oldrel-macos-x86_64