CRAN Package Check Results for Package sdmpredictors

Last updated on 2021-12-02 16:52:10 CET.

Flavor Version Tinstall Tcheck Ttotal Status Flags
r-devel-linux-x86_64-debian-clang 0.2.10 29.67 297.85 327.52 OK
r-devel-linux-x86_64-debian-gcc 0.2.10 20.15 228.76 248.91 OK
r-devel-linux-x86_64-fedora-clang 0.2.10 401.01 NOTE
r-devel-linux-x86_64-fedora-gcc 0.2.10 386.19 NOTE
r-devel-windows-x86_64-new-UL 0.2.10 42.00 349.00 391.00 OK
r-devel-windows-x86_64-new-TK 0.2.10 NOTE
r-devel-windows-x86_64-old 0.2.10 39.00 217.00 256.00 OK
r-patched-linux-x86_64 0.2.10 25.52 287.17 312.69 OK
r-patched-solaris-x86 0.2.10 445.10 NOTE
r-release-linux-x86_64 0.2.10 21.98 284.85 306.83 OK
r-release-macos-arm64 0.2.10 NOTE
r-release-macos-x86_64 0.2.10 NOTE
r-release-windows-ix86+x86_64 0.2.10 59.00 303.00 362.00 OK
r-oldrel-macos-x86_64 0.2.10 NOTE
r-oldrel-windows-ix86+x86_64 0.2.10 62.00 320.00 382.00 OK

Check Details

Version: 0.2.10
Check: dependencies in R code
Result: NOTE
    Namespace in Imports field not imported from: ‘RCurl’
     All declared Imports should be used.
Flavors: r-devel-linux-x86_64-fedora-clang, r-devel-linux-x86_64-fedora-gcc, r-devel-windows-x86_64-new-TK, r-patched-solaris-x86, r-release-macos-arm64, r-release-macos-x86_64, r-oldrel-macos-x86_64