CRAN Package Check Results for Package seasonalview

Last updated on 2021-09-16 16:50:28 CEST.

Flavor Version Tinstall Tcheck Ttotal Status Flags
r-devel-linux-x86_64-debian-clang 0.3 7.23 58.01 65.24 OK
r-devel-linux-x86_64-debian-gcc 0.3 5.72 44.51 50.23 OK
r-devel-linux-x86_64-fedora-clang 0.3 87.75 OK
r-devel-linux-x86_64-fedora-gcc 0.3 75.95 OK
r-devel-windows-x86_64 0.3 9.00 84.00 93.00 OK
r-devel-windows-x86_64-gcc10-UCRT 0.3 OK
r-patched-linux-x86_64 0.3 7.07 57.26 64.33 OK
r-patched-solaris-x86 0.3 4.90 ERROR
r-release-linux-x86_64 0.3 6.32 56.54 62.86 OK
r-release-macos-arm64 0.3 OK
r-release-macos-x86_64 0.3 OK
r-release-windows-ix86+x86_64 0.3 18.00 62.00 80.00 OK
r-oldrel-macos-x86_64 0.3 OK
r-oldrel-windows-ix86+x86_64 0.3 13.00 76.00 89.00 OK

Check Details

Version: 0.3
Check: package dependencies
Result: ERROR
    Package required but not available: ‘seasonal’
    
    See section ‘The DESCRIPTION file’ in the ‘Writing R Extensions’
    manual.
Flavor: r-patched-solaris-x86