CRAN Package Check Results for Package secret

Last updated on 2021-10-23 16:49:46 CEST.

Flavor Version Tinstall Tcheck Ttotal Status Flags
r-devel-linux-x86_64-debian-clang 1.1.0 2.81 29.54 32.35 NOTE
r-devel-linux-x86_64-debian-gcc 1.1.0 2.28 23.61 25.89 NOTE
r-devel-linux-x86_64-fedora-clang 1.1.0 49.40 NOTE
r-devel-linux-x86_64-fedora-gcc 1.1.0 39.39 NOTE
r-devel-windows-x86_64 1.1.0 5.00 38.00 43.00 NOTE
r-devel-windows-x86_64-gcc10-UCRT 1.1.0 NOTE
r-patched-linux-x86_64 1.1.0 3.04 28.56 31.60 NOTE
r-patched-solaris-x86 1.1.0 61.40 NOTE
r-release-linux-x86_64 1.1.0 3.09 28.41 31.50 NOTE
r-release-macos-arm64 1.1.0 NOTE
r-release-macos-x86_64 1.1.0 NOTE
r-release-windows-ix86+x86_64 1.1.0 5.00 50.00 55.00 NOTE
r-oldrel-macos-x86_64 1.1.0 OK
r-oldrel-windows-ix86+x86_64 1.1.0 7.00 47.00 54.00 OK

Check Details

Version: 1.1.0
Check: LazyData
Result: NOTE
     'LazyData' is specified without a 'data' directory
Flavors: r-devel-linux-x86_64-debian-clang, r-devel-linux-x86_64-debian-gcc, r-devel-linux-x86_64-fedora-clang, r-devel-linux-x86_64-fedora-gcc, r-devel-windows-x86_64, r-devel-windows-x86_64-gcc10-UCRT, r-patched-linux-x86_64, r-patched-solaris-x86, r-release-linux-x86_64, r-release-macos-arm64, r-release-macos-x86_64, r-release-windows-ix86+x86_64