CRAN Package Check Results for Package secsse

Last updated on 2024-02-27 00:59:29 CET.

Flavor Version Tinstall Tcheck Ttotal Status Flags
r-devel-linux-x86_64-debian-clang 3.0.2 101.42 134.73 236.15 OK
r-devel-linux-x86_64-debian-gcc 3.0.2 80.35 105.15 185.50 OK
r-devel-linux-x86_64-fedora-clang 3.0.2 305.74 NOTE
r-devel-linux-x86_64-fedora-gcc 3.0.2 323.06 OK
r-devel-windows-x86_64 3.0.2 75.00 139.00 214.00 OK
r-patched-linux-x86_64 3.0.2 104.18 137.94 242.12 OK
r-release-linux-x86_64 3.0.2 104.54 141.03 245.57 OK
r-release-macos-arm64 3.0.2 100.00 NOTE
r-release-macos-x86_64 3.0.2 140.00 NOTE
r-release-windows-x86_64 3.0.2 94.00 158.00 252.00 OK
r-oldrel-macos-arm64 3.0.2 90.00 NOTE
r-oldrel-windows-x86_64 3.0.2 91.00 158.00 249.00 OK

Check Details

Version: 3.0.2
Check: Rd cross-references
Result: NOTE Undeclared package ‘subplex’ in Rd xrefs Flavor: r-devel-linux-x86_64-fedora-clang

Version: 3.0.2
Check: installed package size
Result: NOTE installed size is 9.0Mb sub-directories of 1Mb or more: libs 8.4Mb Flavors: r-release-macos-arm64, r-release-macos-x86_64, r-oldrel-macos-arm64