CRAN Package Check Results for Package secuTrialR

Last updated on 2021-10-21 08:51:05 CEST.

Flavor Version Tinstall Tcheck Ttotal Status Flags
r-devel-linux-x86_64-debian-clang 1.0.9 8.74 110.33 119.07 NOTE
r-devel-linux-x86_64-debian-gcc 1.0.9 6.50 82.23 88.73 NOTE
r-devel-linux-x86_64-fedora-clang 1.0.9 152.50 NOTE
r-devel-linux-x86_64-fedora-gcc 1.0.9 140.31 NOTE
r-devel-windows-x86_64 1.0.9 14.00 163.00 177.00 NOTE
r-devel-windows-x86_64-gcc10-UCRT 1.0.9 NOTE
r-patched-linux-x86_64 1.0.9 8.75 103.64 112.39 NOTE
r-patched-solaris-x86 1.0.9 178.40 NOTE
r-release-linux-x86_64 1.0.9 8.25 104.04 112.29 NOTE
r-release-macos-arm64 1.0.9 NOTE
r-release-macos-x86_64 1.0.9 NOTE
r-release-windows-ix86+x86_64 1.0.9 20.00 186.00 206.00 NOTE
r-oldrel-macos-x86_64 1.0.9 OK
r-oldrel-windows-ix86+x86_64 1.0.9 20.00 188.00 208.00 OK

Check Details

Version: 1.0.9
Check: LazyData
Result: NOTE
     'LazyData' is specified without a 'data' directory
Flavors: r-devel-linux-x86_64-debian-clang, r-devel-linux-x86_64-debian-gcc, r-devel-linux-x86_64-fedora-clang, r-devel-linux-x86_64-fedora-gcc, r-devel-windows-x86_64, r-devel-windows-x86_64-gcc10-UCRT, r-patched-linux-x86_64, r-patched-solaris-x86, r-release-linux-x86_64, r-release-macos-arm64, r-release-macos-x86_64, r-release-windows-ix86+x86_64

Version: 1.0.9
Check: package dependencies
Result: NOTE
    Package suggested but not available for checking: 'igraph'
Flavor: r-devel-windows-x86_64-gcc10-UCRT